CRAN Package Check Results for Package saturnin

Last updated on 2023-03-21 07:54:22 CET.

Flavor Version Tinstall Tcheck Ttotal Status Flags
r-devel-linux-x86_64-debian-clang 1.1.1 OK
r-devel-linux-x86_64-debian-gcc 1.1.1 23.34 38.22 61.56 OK
r-devel-linux-x86_64-fedora-clang 1.1.1 107.36 NOTE
r-devel-linux-x86_64-fedora-gcc 1.1.1 99.07 NOTE
r-patched-linux-x86_64 1.1.1 20.59 51.25 71.84 OK
r-release-linux-x86_64 1.1.1 20.56 49.68 70.24 OK
r-release-macos-arm64 1.1.1 30.00 OK
r-release-macos-x86_64 1.1.1 42.00 OK
r-release-windows-x86_64 1.1.1 31.00 99.00 130.00 OK
r-oldrel-macos-arm64 1.1.1 37.00 OK
r-oldrel-macos-x86_64 1.1.1 53.00 OK
r-oldrel-windows-ix86+x86_64 1.1.1 65.00 121.00 186.00 OK

Check Details

Version: 1.1.1
Check: compiled code
Result: NOTE
    File ‘saturnin/libs/saturnin.so’:
     Found no calls to: ‘R_registerRoutines’, ‘R_useDynamicSymbols’
    
    It is good practice to register native routines and to disable symbol
    search.
    
    See ‘Writing portable packages’ in the ‘Writing R Extensions’ manual.
Flavors: r-devel-linux-x86_64-fedora-clang, r-devel-linux-x86_64-fedora-gcc