Last updated on 2023-03-23 07:54:40 CET.
Flavor | Version | Tinstall | Tcheck | Ttotal | Status | Flags |
---|---|---|---|---|---|---|
r-devel-linux-x86_64-debian-clang | 1.0.3 | 48.21 | 98.46 | 146.67 | OK | |
r-devel-linux-x86_64-debian-gcc | 1.0.3 | 41.25 | 78.54 | 119.79 | OK | |
r-devel-linux-x86_64-fedora-clang | 1.0.3 | 200.99 | OK | |||
r-devel-linux-x86_64-fedora-gcc | 1.0.3 | 190.11 | OK | |||
r-patched-linux-x86_64 | 1.0.3 | 44.07 | 98.63 | 142.70 | OK | |
r-release-linux-x86_64 | 1.0.3 | 38.07 | 98.90 | 136.97 | OK | |
r-release-macos-arm64 | 1.0.3 | 48.00 | OK | |||
r-release-macos-x86_64 | 1.0.3 | 101.00 | OK | |||
r-release-windows-x86_64 | 1.0.3 | 107.00 | 217.00 | 324.00 | OK | |
r-oldrel-macos-arm64 | 1.0.3 | 54.00 | NOTE | |||
r-oldrel-macos-x86_64 | 1.0.3 | 69.00 | OK | |||
r-oldrel-windows-ix86+x86_64 | 1.0.3 | 115.00 | 179.00 | 294.00 | OK |
Version: 1.0.3
Check: installed package size
Result: NOTE
installed size is 5.8Mb
sub-directories of 1Mb or more:
data 2.0Mb
libs 3.6Mb
Flavor: r-oldrel-macos-arm64