Last updated on 2023-03-23 03:53:33 CET.
Flavor | Version | Tinstall | Tcheck | Ttotal | Status | Flags |
---|---|---|---|---|---|---|
r-devel-linux-x86_64-debian-clang | 0.4.5 | 49.76 | 524.98 | 574.74 | NOTE | |
r-devel-linux-x86_64-debian-gcc | 0.4.5 | 38.00 | 385.23 | 423.23 | NOTE | |
r-devel-linux-x86_64-fedora-clang | 0.4.5 | 702.92 | NOTE | |||
r-devel-linux-x86_64-fedora-gcc | 0.4.5 | 678.43 | NOTE | |||
r-patched-linux-x86_64 | 0.4.5 | 45.45 | 491.06 | 536.51 | OK | |
r-release-linux-x86_64 | 0.4.5 | 40.42 | 502.87 | 543.29 | OK | |
r-release-macos-arm64 | 0.4.5 | 159.00 | OK | |||
r-release-macos-x86_64 | 0.4.5 | 234.00 | OK | |||
r-release-windows-x86_64 | 0.4.5 | 60.00 | 560.00 | 620.00 | OK | |
r-oldrel-macos-arm64 | 0.4.5 | 164.00 | OK | |||
r-oldrel-macos-x86_64 | 0.4.5 | 238.00 | OK | |||
r-oldrel-windows-ix86+x86_64 | 0.4.5 | 109.00 | 389.00 | 498.00 | OK |
Version: 0.4.5
Check: C++ specification
Result: NOTE
Specified C++11: please drop specification unless essential
Flavors: r-devel-linux-x86_64-debian-clang, r-devel-linux-x86_64-debian-gcc, r-devel-linux-x86_64-fedora-clang, r-devel-linux-x86_64-fedora-gcc