CRAN Package Check Results for Package sbo

Last updated on 2023-03-29 20:54:45 CEST.

Flavor Version Tinstall Tcheck Ttotal Status Flags
r-devel-linux-x86_64-debian-clang 0.5.0 122.28 184.80 307.08 NOTE
r-devel-linux-x86_64-debian-gcc 0.5.0 98.82 136.99 235.81 NOTE
r-devel-linux-x86_64-fedora-clang 0.5.0 430.08 NOTE
r-devel-linux-x86_64-fedora-gcc 0.5.0 421.11 NOTE
r-patched-linux-x86_64 0.5.0 104.18 175.60 279.78 NOTE
r-release-linux-x86_64 0.5.0 76.67 175.44 252.11 OK
r-release-macos-arm64 0.5.0 101.00 NOTE
r-release-macos-x86_64 0.5.0 177.00 NOTE
r-release-windows-x86_64 0.5.0 208.00 242.00 450.00 NOTE
r-oldrel-macos-arm64 0.5.0 154.00 NOTE
r-oldrel-macos-x86_64 0.5.0 171.00 NOTE
r-oldrel-windows-ix86+x86_64 0.5.0 287.00 326.00 613.00 NOTE

Check Details

Version: 0.5.0
Check: C++ specification
Result: NOTE
     Specified C++11: please drop specification unless essential
Flavors: r-devel-linux-x86_64-debian-clang, r-devel-linux-x86_64-debian-gcc, r-devel-linux-x86_64-fedora-clang, r-devel-linux-x86_64-fedora-gcc, r-patched-linux-x86_64

Version: 0.5.0
Check: installed package size
Result: NOTE
     installed size is 7.8Mb
     sub-directories of 1Mb or more:
     data 3.9Mb
     libs 3.6Mb
Flavors: r-release-macos-arm64, r-release-macos-x86_64, r-release-windows-x86_64, r-oldrel-macos-arm64, r-oldrel-macos-x86_64, r-oldrel-windows-ix86+x86_64