Last updated on 2023-05-31 01:03:30 CEST.
Flavor | Version | Tinstall | Tcheck | Ttotal | Status | Flags |
---|---|---|---|---|---|---|
r-devel-linux-x86_64-debian-clang | 1.1.1 | 37.43 | 297.08 | 334.51 | OK | |
r-devel-linux-x86_64-debian-gcc | 1.1.1 | 29.27 | 220.37 | 249.64 | OK | |
r-devel-linux-x86_64-fedora-clang | 1.1.1 | 437.44 | NOTE | |||
r-devel-linux-x86_64-fedora-gcc | 1.1.1 | 413.67 | OK | |||
r-devel-windows-x86_64 | 1.1.1 | 31.00 | 262.00 | 293.00 | OK | |
r-patched-linux-x86_64 | 1.1.1 | 23.12 | 282.25 | 305.37 | OK | |
r-release-linux-x86_64 | 1.1.1 | 22.48 | 275.37 | 297.85 | OK | |
r-release-macos-arm64 | 1.1.1 | 109.00 | NOTE | |||
r-release-macos-x86_64 | 1.1.1 | 202.00 | NOTE | |||
r-release-windows-x86_64 | 1.1.1 | 42.00 | 342.00 | 384.00 | OK | |
r-oldrel-macos-arm64 | 1.1.1 | 92.00 | NOTE | |||
r-oldrel-macos-x86_64 | 1.1.1 | 136.00 | NOTE | |||
r-oldrel-windows-x86_64 | 1.1.1 | 41.00 | 311.00 | 352.00 | OK |
Version: 1.1.1
Check: package dependencies
Result: NOTE
Imports includes 28 non-default packages.
Importing from so many packages makes the package vulnerable to any of
them becoming unavailable. Move as many as possible to Suggests and
use conditionally.
Flavor: r-devel-linux-x86_64-fedora-clang
Version: 1.1.1
Check: package dependencies
Result: NOTE
Packages suggested but not available for checking:
'dittoSeq', 'DropletUtils', 'Nebulosa'
Flavors: r-release-macos-arm64, r-release-macos-x86_64, r-oldrel-macos-x86_64
Version: 1.1.1
Check: Rd cross-references
Result: NOTE
Package unavailable to check Rd xrefs: ‘Nebulosa’
Flavors: r-release-macos-arm64, r-release-macos-x86_64, r-oldrel-macos-arm64, r-oldrel-macos-x86_64
Version: 1.1.1
Check: package dependencies
Result: NOTE
Packages suggested but not available for checking:
'DropletUtils', 'Nebulosa'
Flavor: r-oldrel-macos-arm64