Last updated on 2023-03-23 23:52:03 CET.
Flavor | Version | Tinstall | Tcheck | Ttotal | Status | Flags |
---|---|---|---|---|---|---|
r-devel-linux-x86_64-debian-clang | 0.1.4 | 71.63 | 39.82 | 111.45 | NOTE | |
r-devel-linux-x86_64-debian-gcc | 0.1.4 | 50.08 | 31.09 | 81.17 | NOTE | |
r-devel-linux-x86_64-fedora-clang | 0.1.4 | 150.14 | NOTE | |||
r-devel-linux-x86_64-fedora-gcc | 0.1.4 | 137.98 | NOTE | |||
r-patched-linux-x86_64 | 0.1.4 | 56.87 | 41.83 | 98.70 | OK | |
r-release-linux-x86_64 | 0.1.4 | 54.04 | 43.17 | 97.21 | OK | |
r-release-macos-arm64 | 0.1.4 | 37.00 | OK | |||
r-release-macos-x86_64 | 0.1.4 | 45.00 | OK | |||
r-release-windows-x86_64 | 0.1.4 | 56.00 | 160.00 | 216.00 | OK | |
r-oldrel-macos-arm64 | 0.1.4 | 32.00 | OK | |||
r-oldrel-macos-x86_64 | 0.1.4 | 47.00 | OK | |||
r-oldrel-windows-ix86+x86_64 | 0.1.4 | 148.00 | 99.00 | 247.00 | OK |
Version: 0.1.4
Check: C++ specification
Result: NOTE
Specified C++11: please drop specification unless essential
Flavors: r-devel-linux-x86_64-debian-clang, r-devel-linux-x86_64-debian-gcc, r-devel-linux-x86_64-fedora-clang, r-devel-linux-x86_64-fedora-gcc