CRAN Package Check Results for Package scPloidy

Last updated on 2024-06-12 20:59:14 CEST.

Flavor Version Tinstall Tcheck Ttotal Status Flags
r-devel-linux-x86_64-debian-clang 0.6.2 38.90 522.41 561.31 OK
r-devel-linux-x86_64-debian-gcc 0.6.2 0.64 1.75 2.39 ERROR
r-devel-linux-x86_64-fedora-clang 0.6.2 464.38 OK
r-devel-linux-x86_64-fedora-gcc 0.6.2 436.93 OK
r-devel-windows-x86_64 0.6.2 31.00 332.00 363.00 OK
r-patched-linux-x86_64 0.6.2 37.15 487.81 524.96 OK
r-release-linux-x86_64 0.6.2 24.71 500.29 525.00 OK
r-release-macos-arm64 0.6.2 179.00 OK
r-release-macos-x86_64 0.6.2 269.00 OK
r-release-windows-x86_64 0.6.2 34.00 339.00 373.00 OK
r-oldrel-macos-arm64 0.6.2 185.00 OK
r-oldrel-macos-x86_64 0.6.2 395.00 OK
r-oldrel-windows-x86_64 0.6.2 48.00 496.00 544.00 OK

Check Details

Version: 0.6.2
Check: package dependencies
Result: ERROR Packages required but not available: 'dplyr', 'mixtools', 'nimble', 'tibble', 'tidyr' Packages suggested but not available for checking: 'readr', 'testthat' See section ‘The DESCRIPTION file’ in the ‘Writing R Extensions’ manual. Flavor: r-devel-linux-x86_64-debian-gcc