CRAN Package Check Results for Package scSorter

Last updated on 2024-06-12 20:59:14 CEST.

Flavor Version Tinstall Tcheck Ttotal Status Flags
r-devel-linux-x86_64-debian-clang 0.0.2 3.15 122.57 125.72 NOTE
r-devel-linux-x86_64-debian-gcc 0.0.2 2.27 80.96 83.23 NOTE
r-devel-linux-x86_64-fedora-clang 0.0.2 153.82 NOTE
r-devel-linux-x86_64-fedora-gcc 0.0.2 164.62 NOTE
r-devel-windows-x86_64 0.0.2 3.00 110.00 113.00 NOTE
r-patched-linux-x86_64 0.0.2 2.84 118.11 120.95 NOTE
r-release-linux-x86_64 0.0.2 2.81 116.50 119.31 NOTE
r-release-macos-arm64 0.0.2 53.00 NOTE
r-release-macos-x86_64 0.0.2 87.00 NOTE
r-release-windows-x86_64 0.0.2 4.00 115.00 119.00 NOTE
r-oldrel-macos-arm64 0.0.2 55.00 NOTE
r-oldrel-macos-x86_64 0.0.2 101.00 NOTE
r-oldrel-windows-x86_64 0.0.2 3.00 116.00 119.00 NOTE

Check Details

Version: 0.0.2
Check: LazyData
Result: NOTE 'LazyData' is specified without a 'data' directory Flavors: r-devel-linux-x86_64-debian-clang, r-devel-linux-x86_64-debian-gcc, r-devel-linux-x86_64-fedora-clang, r-devel-linux-x86_64-fedora-gcc, r-devel-windows-x86_64, r-patched-linux-x86_64, r-release-linux-x86_64, r-release-macos-arm64, r-release-macos-x86_64, r-release-windows-x86_64, r-oldrel-macos-arm64, r-oldrel-macos-x86_64, r-oldrel-windows-x86_64