CRAN Package Check Results for Package scSorter

Last updated on 2023-10-02 17:01:49 CEST.

Flavor Version Tinstall Tcheck Ttotal Status Flags
r-devel-linux-x86_64-debian-clang 0.0.2 2.62 117.29 119.91 NOTE
r-devel-linux-x86_64-debian-gcc 0.0.2 2.31 79.17 81.48 NOTE
r-devel-linux-x86_64-fedora-clang 0.0.2 149.35 NOTE
r-devel-linux-x86_64-fedora-gcc 0.0.2 157.92 NOTE
r-devel-windows-x86_64 0.0.2 3.00 113.00 116.00 NOTE
r-patched-linux-x86_64 0.0.2 2.38 113.31 115.69 NOTE
r-release-linux-x86_64 0.0.2 2.20 114.74 116.94 NOTE
r-release-macos-arm64 0.0.2 55.00 NOTE
r-release-macos-x86_64 0.0.2 101.00 NOTE
r-release-windows-x86_64 0.0.2 4.00 117.00 121.00 NOTE
r-oldrel-macos-arm64 0.0.2 53.00 NOTE
r-oldrel-macos-x86_64 0.0.2 77.00 NOTE
r-oldrel-windows-x86_64 0.0.2 5.00 116.00 121.00 NOTE

Check Details

Version: 0.0.2
Check: LazyData
Result: NOTE
     'LazyData' is specified without a 'data' directory
Flavors: r-devel-linux-x86_64-debian-clang, r-devel-linux-x86_64-debian-gcc, r-devel-linux-x86_64-fedora-clang, r-devel-linux-x86_64-fedora-gcc, r-devel-windows-x86_64, r-patched-linux-x86_64, r-release-linux-x86_64, r-release-macos-arm64, r-release-macos-x86_64, r-release-windows-x86_64, r-oldrel-macos-arm64, r-oldrel-macos-x86_64, r-oldrel-windows-x86_64