CRAN Package Check Results for Package scUtils

Last updated on 2021-12-07 19:49:58 CET.

Flavor Version Tinstall Tcheck Ttotal Status Flags
r-devel-linux-x86_64-debian-clang 0.1.0 4.50 62.33 66.83 NOTE
r-devel-linux-x86_64-debian-gcc 0.1.0 3.06 47.52 50.58 NOTE
r-devel-linux-x86_64-fedora-clang 0.1.0 81.10 NOTE
r-devel-linux-x86_64-fedora-gcc 0.1.0 68.78 NOTE
r-devel-windows-x86_64-new-UL 0.1.0 11.00 96.00 107.00 NOTE
r-devel-windows-x86_64-new-TK 0.1.0 NOTE
r-devel-windows-x86_64-old 0.1.0 9.00 56.00 65.00 NOTE
r-patched-linux-x86_64 0.1.0 4.28 57.68 61.96 NOTE
r-release-linux-x86_64 0.1.0 4.00 58.63 62.63 NOTE
r-release-macos-arm64 0.1.0 NOTE
r-release-macos-x86_64 0.1.0 NOTE
r-release-windows-ix86+x86_64 0.1.0 10.00 73.00 83.00 NOTE
r-oldrel-macos-x86_64 0.1.0 OK
r-oldrel-windows-ix86+x86_64 0.1.0 13.00 73.00 86.00 OK

Check Details

Version: 0.1.0
Check: LazyData
Result: NOTE
     'LazyData' is specified without a 'data' directory
Flavors: r-devel-linux-x86_64-debian-clang, r-devel-linux-x86_64-debian-gcc, r-devel-linux-x86_64-fedora-clang, r-devel-linux-x86_64-fedora-gcc, r-devel-windows-x86_64-new-UL, r-devel-windows-x86_64-new-TK, r-devel-windows-x86_64-old, r-patched-linux-x86_64, r-release-linux-x86_64, r-release-macos-arm64, r-release-macos-x86_64, r-release-windows-ix86+x86_64