Last updated on 2023-12-07 07:50:45 CET.
Flavor | Version | Tinstall | Tcheck | Ttotal | Status | Flags |
---|---|---|---|---|---|---|
r-devel-linux-x86_64-debian-clang | 1.1-4 | 11.67 | 101.74 | 113.41 | NOTE | |
r-devel-linux-x86_64-debian-gcc | 1.1-4 | 10.03 | 76.51 | 86.54 | NOTE | |
r-devel-linux-x86_64-fedora-clang | 1.1-4 | 150.14 | OK | |||
r-devel-linux-x86_64-fedora-gcc | 1.1-4 | 153.63 | OK | |||
r-devel-windows-x86_64 | 1.1-4 | 12.00 | 95.00 | 107.00 | OK | |
r-patched-linux-x86_64 | 1.1-4 | 12.53 | 100.38 | 112.91 | OK | |
r-release-linux-x86_64 | 1.1-4 | 12.52 | 98.42 | 110.94 | OK | |
r-release-macos-arm64 | 1.1-4 | 51.00 | OK | |||
r-release-macos-x86_64 | 1.1-4 | 96.00 | OK | |||
r-release-windows-x86_64 | 1.1-4 | 14.00 | 112.00 | 126.00 | OK | |
r-oldrel-macos-arm64 | 1.1-4 | 44.00 | OK | |||
r-oldrel-macos-x86_64 | 1.1-4 | 61.00 | OK | |||
r-oldrel-windows-x86_64 | 1.1-4 | 15.00 | 115.00 | 130.00 | OK |
Version: 1.1-4
Check: Rd files
Result: NOTE
checkRd: (-1) get.events.Rd:51: Lost braces
51 | code{\link[deSolve]{events}}
| ^
Flavors: r-devel-linux-x86_64-debian-clang, r-devel-linux-x86_64-debian-gcc