CRAN Package Check Results for Package sccore

Last updated on 2021-12-04 16:50:32 CET.

Flavor Version Tinstall Tcheck Ttotal Status Flags
r-devel-linux-x86_64-debian-clang 1.0.0 60.13 81.52 141.65 OK
r-devel-linux-x86_64-debian-gcc 1.0.0 45.24 62.99 108.23 OK
r-devel-windows-x86_64-new-UL 1.0.0 88.00 148.00 236.00 OK
r-devel-windows-x86_64-new-TK 1.0.0 OK
r-devel-windows-x86_64-old 1.0.0 84.00 96.00 180.00 OK
r-patched-linux-x86_64 1.0.0 57.17 69.34 126.51 OK
r-release-linux-x86_64 1.0.0 52.93 69.44 122.37 OK
r-release-macos-arm64 1.0.0 NOTE
r-release-macos-x86_64 1.0.0 NOTE
r-release-windows-ix86+x86_64 1.0.0 157.00 141.00 298.00 OK
r-oldrel-macos-x86_64 1.0.0 NOTE
r-oldrel-windows-ix86+x86_64 1.0.0 160.00 139.00 299.00 OK

Check Details

Version: 1.0.0
Check: installed package size
Result: NOTE
     installed size is 6.6Mb
     sub-directories of 1Mb or more:
     libs 5.8Mb
Flavors: r-release-macos-arm64, r-release-macos-x86_64, r-oldrel-macos-x86_64