Last updated on 2023-03-30 20:49:24 CEST.
Flavor | Version | Tinstall | Tcheck | Ttotal | Status | Flags |
---|---|---|---|---|---|---|
r-devel-linux-x86_64-debian-clang | 1.1.0 | 45.30 | 134.95 | 180.25 | NOTE | |
r-devel-linux-x86_64-debian-gcc | 1.1.0 | 36.56 | 100.59 | 137.15 | NOTE | |
r-devel-linux-x86_64-fedora-clang | 1.1.0 | 240.53 | NOTE | |||
r-devel-linux-x86_64-fedora-gcc | 1.1.0 | 219.15 | NOTE | |||
r-patched-linux-x86_64 | 1.1.0 | 42.20 | 124.89 | 167.09 | NOTE | |
r-release-linux-x86_64 | 1.1.0 | 37.37 | 127.83 | 165.20 | NOTE | |
r-release-macos-arm64 | 1.1.0 | 61.00 | NOTE | |||
r-release-macos-x86_64 | 1.1.0 | 89.00 | NOTE | |||
r-release-windows-x86_64 | 1.1.0 | 81.00 | 182.00 | 263.00 | NOTE | |
r-oldrel-macos-arm64 | 1.1.0 | 60.00 | NOTE | |||
r-oldrel-macos-x86_64 | 1.1.0 | 88.00 | NOTE | |||
r-oldrel-windows-ix86+x86_64 | 1.1.0 | 128.00 | 217.00 | 345.00 | NOTE |
Version: 1.1.0
Check: C++ specification
Result: NOTE
Specified C++11: please drop specification unless essential
Flavors: r-devel-linux-x86_64-debian-clang, r-devel-linux-x86_64-debian-gcc, r-devel-linux-x86_64-fedora-clang, r-devel-linux-x86_64-fedora-gcc, r-patched-linux-x86_64
Version: 1.1.0
Check: for GNU extensions in Makefiles
Result: NOTE
GNU make is a SystemRequirements.
Flavors: r-devel-linux-x86_64-debian-clang, r-devel-linux-x86_64-debian-gcc, r-devel-linux-x86_64-fedora-clang, r-devel-linux-x86_64-fedora-gcc, r-patched-linux-x86_64, r-release-linux-x86_64, r-release-macos-arm64, r-release-macos-x86_64, r-release-windows-x86_64, r-oldrel-macos-arm64, r-oldrel-macos-x86_64, r-oldrel-windows-ix86+x86_64
Version: 1.1.0
Check: dependencies in R code
Result: NOTE
Namespace in Imports field not imported from: ‘Rcpp’
All declared Imports should be used.
Flavors: r-devel-linux-x86_64-fedora-clang, r-devel-linux-x86_64-fedora-gcc