Last updated on 2023-06-11 01:53:46 CEST.
Flavor | Version | Tinstall | Tcheck | Ttotal | Status | Flags |
---|---|---|---|---|---|---|
r-devel-linux-x86_64-debian-clang | 0.2.0 | 1.34 | 22.50 | 23.84 | NOTE | |
r-devel-linux-x86_64-debian-gcc | 0.2.0 | 1.01 | 17.93 | 18.94 | NOTE | |
r-devel-linux-x86_64-fedora-clang | 0.2.0 | 31.29 | NOTE | |||
r-devel-linux-x86_64-fedora-gcc | 0.2.0 | 41.38 | NOTE | |||
r-devel-windows-x86_64 | 0.2.0 | 3.00 | 41.00 | 44.00 | NOTE | |
r-patched-linux-x86_64 | 0.2.0 | 2.09 | 21.91 | 24.00 | NOTE | |
r-release-linux-x86_64 | 0.2.0 | 1.99 | 21.85 | 23.84 | NOTE | |
r-release-macos-arm64 | 0.2.0 | 23.00 | NOTE | |||
r-release-macos-x86_64 | 0.2.0 | 30.00 | NOTE | |||
r-release-windows-x86_64 | 0.2.0 | 3.00 | 40.00 | 43.00 | NOTE | |
r-oldrel-macos-arm64 | 0.2.0 | 16.00 | NOTE | |||
r-oldrel-macos-x86_64 | 0.2.0 | 22.00 | NOTE | |||
r-oldrel-windows-x86_64 | 0.2.0 | 6.00 | 43.00 | 49.00 | NOTE |
Version: 0.2.0
Check: LazyData
Result: NOTE
'LazyData' is specified without a 'data' directory
Flavors: r-devel-linux-x86_64-debian-clang, r-devel-linux-x86_64-debian-gcc, r-devel-linux-x86_64-fedora-clang, r-devel-linux-x86_64-fedora-gcc, r-devel-windows-x86_64, r-patched-linux-x86_64, r-release-linux-x86_64, r-release-macos-arm64, r-release-macos-x86_64, r-release-windows-x86_64, r-oldrel-macos-arm64, r-oldrel-macos-x86_64, r-oldrel-windows-x86_64