CRAN Package Check Results for Package sdcMicro

Last updated on 2021-09-23 00:49:02 CEST.

Flavor Version Tinstall Tcheck Ttotal Status Flags
r-devel-linux-x86_64-debian-clang 5.6.1 77.70 237.91 315.61 OK
r-devel-linux-x86_64-debian-gcc 5.6.1 51.26 157.25 208.51 OK
r-devel-linux-x86_64-fedora-clang 5.6.1 362.89 OK
r-devel-linux-x86_64-fedora-gcc 5.6.1 326.93 OK
r-devel-windows-x86_64 5.6.1 77.00 184.00 261.00 OK
r-devel-windows-x86_64-gcc10-UCRT 5.6.1 ERROR
r-patched-linux-x86_64 5.6.1 63.43 195.98 259.41 OK
r-patched-solaris-x86 5.6.1 369.40 OK
r-release-linux-x86_64 5.6.1 62.52 194.17 256.69 OK
r-release-macos-arm64 5.6.1 NOTE
r-release-macos-x86_64 5.6.1 OK
r-release-windows-ix86+x86_64 5.6.1 167.00 257.00 424.00 NOTE
r-oldrel-macos-x86_64 5.6.1 OK
r-oldrel-windows-ix86+x86_64 5.6.1 126.00 257.00 383.00 NOTE

Check Details

Version: 5.6.1
Check: whether package can be installed
Result: ERROR
    Installation failed.
Flavor: r-devel-windows-x86_64-gcc10-UCRT

Version: 5.6.1
Check: installed package size
Result: NOTE
     installed size is 5.2Mb
     sub-directories of 1Mb or more:
     libs 2.2Mb
Flavors: r-release-macos-arm64, r-release-windows-ix86+x86_64, r-oldrel-windows-ix86+x86_64