CRAN Package Check Results for Package sdcSpatial

Last updated on 2021-09-23 12:58:09 CEST.

Flavor Version Tinstall Tcheck Ttotal Status Flags
r-devel-linux-x86_64-debian-clang 0.1.1 3.41 68.59 72.00 OK
r-devel-linux-x86_64-debian-gcc 0.1.1 2.57 52.42 54.99 OK
r-devel-linux-x86_64-fedora-clang 0.1.1 94.70 OK
r-devel-linux-x86_64-fedora-gcc 0.1.1 84.07 OK
r-devel-windows-x86_64 0.1.1 4.00 65.00 69.00 OK
r-devel-windows-x86_64-gcc10-UCRT 0.1.1 ERROR
r-patched-linux-x86_64 0.1.1 6.00 65.22 71.22 OK
r-patched-solaris-x86 0.1.1 107.10 OK
r-release-linux-x86_64 0.1.1 3.19 64.31 67.50 OK
r-release-macos-arm64 0.1.1 OK
r-release-macos-x86_64 0.1.1 OK
r-release-windows-ix86+x86_64 0.1.1 7.00 64.00 71.00 OK
r-oldrel-macos-x86_64 0.1.1 OK
r-oldrel-windows-ix86+x86_64 0.1.1 4.00 61.00 65.00 OK

Check Details

Version: 0.1.1
Check: package dependencies
Result: NOTE
    Package suggested but not available for checking: 'sf'
Flavor: r-devel-windows-x86_64-gcc10-UCRT

Version: 0.1.1
Check: Rd cross-references
Result: NOTE
    Package unavailable to check Rd xrefs: 'sf'
Flavor: r-devel-windows-x86_64-gcc10-UCRT

Version: 0.1.1
Check: PDF version of manual
Result: WARN
    LaTeX errors when creating PDF version.
    This typically indicates Rd problems.
Flavor: r-devel-windows-x86_64-gcc10-UCRT

Version: 0.1.1
Check: PDF version of manual without hyperrefs or index
Result: ERROR
    Re-running with no redirection of stdout/stderr.
Flavor: r-devel-windows-x86_64-gcc10-UCRT