CRAN Package Check Results for Package secret

Last updated on 2024-03-05 11:55:47 CET.

Flavor Version Tinstall Tcheck Ttotal Status Flags
r-devel-linux-x86_64-debian-clang 1.1.0 3.06 33.92 36.98 NOTE
r-devel-linux-x86_64-debian-gcc 1.1.0 2.34 27.45 29.79 NOTE
r-devel-linux-x86_64-fedora-clang 1.1.0 45.66 NOTE
r-devel-linux-x86_64-fedora-gcc 1.1.0 57.74 NOTE
r-devel-windows-x86_64 1.1.0 4.00 52.00 56.00 NOTE
r-patched-linux-x86_64 1.1.0 2.81 33.00 35.81 NOTE
r-release-linux-x86_64 1.1.0 3.20 32.09 35.29 NOTE
r-release-macos-arm64 1.1.0 26.00 NOTE
r-release-macos-x86_64 1.1.0 51.00 NOTE
r-release-windows-x86_64 1.1.0 5.00 54.00 59.00 NOTE
r-oldrel-macos-arm64 1.1.0 21.00 NOTE
r-oldrel-windows-x86_64 1.1.0 5.00 54.00 59.00 NOTE

Check Details

Version: 1.1.0
Check: LazyData
Result: NOTE 'LazyData' is specified without a 'data' directory Flavors: r-devel-linux-x86_64-debian-clang, r-devel-linux-x86_64-debian-gcc, r-devel-linux-x86_64-fedora-clang, r-devel-linux-x86_64-fedora-gcc, r-devel-windows-x86_64, r-patched-linux-x86_64, r-release-linux-x86_64, r-release-macos-arm64, r-release-macos-x86_64, r-release-windows-x86_64, r-oldrel-macos-arm64, r-oldrel-windows-x86_64