CRAN Package Check Results for Package seminr

Last updated on 2021-10-24 20:51:17 CEST.

Flavor Version Tinstall Tcheck Ttotal Status Flags
r-devel-linux-x86_64-debian-clang 2.2.1 8.85 137.85 146.70 OK
r-devel-linux-x86_64-debian-gcc 2.2.1 7.52 100.55 108.07 OK
r-devel-linux-x86_64-fedora-clang 2.2.1 177.75 NOTE
r-devel-linux-x86_64-fedora-gcc 2.2.1 209.74 NOTE
r-devel-windows-x86_64 2.2.1 14.00 290.00 304.00 OK
r-devel-windows-x86_64-gcc10-UCRT 2.2.1 NOTE
r-patched-linux-x86_64 2.2.1 8.13 130.11 138.24 OK
r-patched-solaris-x86 2.2.1 519.90 NOTE
r-release-linux-x86_64 2.2.1 9.39 130.69 140.08 OK
r-release-macos-arm64 2.2.1 NOTE
r-release-macos-x86_64 2.2.1 NOTE
r-release-windows-ix86+x86_64 2.2.1 13.00 407.00 420.00 OK
r-oldrel-macos-x86_64 2.2.1 NOTE
r-oldrel-windows-ix86+x86_64 2.2.1 17.00 401.00 418.00 OK

Check Details

Version: 2.2.1
Check: dependencies in R code
Result: NOTE
    Namespaces in Imports field not imported from:
     ‘knitr’ ‘rmarkdown’ ‘webp’
     All declared Imports should be used.
Flavors: r-devel-linux-x86_64-fedora-clang, r-devel-linux-x86_64-fedora-gcc, r-devel-windows-x86_64-gcc10-UCRT, r-patched-solaris-x86, r-release-macos-arm64, r-release-macos-x86_64, r-oldrel-macos-x86_64

Version: 2.2.1
Check: package dependencies
Result: NOTE
    Package which this enhances but not available for checking: ‘rsvg’
Flavor: r-patched-solaris-x86