CRAN Package Check Results for Package sendmailR

Last updated on 2024-05-18 12:50:21 CEST.

Flavor Version Tinstall Tcheck Ttotal Status Flags
r-devel-linux-x86_64-debian-clang 1.4-0 2.38 28.18 30.56 NOTE
r-devel-linux-x86_64-debian-gcc 1.4-0 1.59 22.02 23.61 NOTE
r-devel-linux-x86_64-fedora-clang 1.4-0 40.14 NOTE
r-devel-linux-x86_64-fedora-gcc 1.4-0 55.05 NOTE
r-devel-windows-x86_64 1.4-0 3.00 46.00 49.00 NOTE
r-patched-linux-x86_64 1.4-0 2.61 28.18 30.79 NOTE
r-release-linux-x86_64 1.4-0 2.11 28.14 30.25 NOTE
r-release-macos-arm64 1.4-0 22.00 NOTE
r-release-windows-x86_64 1.4-0 3.00 45.00 48.00 NOTE
r-oldrel-macos-arm64 1.4-0 22.00 OK
r-oldrel-macos-x86_64 1.4-0 32.00 OK
r-oldrel-windows-x86_64 1.4-0 6.00 48.00 54.00 OK

Check Details

Version: 1.4-0
Check: Rd files
Result: NOTE checkRd: (-1) sendmail_options.Rd:32-35: Lost braces in \itemize; meant \describe ? checkRd: (-1) sendmail_options.Rd:36-37: Lost braces in \itemize; meant \describe ? checkRd: (-1) sendmail_options.Rd:38-39: Lost braces in \itemize; meant \describe ? Flavors: r-devel-linux-x86_64-debian-clang, r-devel-linux-x86_64-debian-gcc, r-devel-linux-x86_64-fedora-clang, r-devel-linux-x86_64-fedora-gcc, r-devel-windows-x86_64, r-patched-linux-x86_64, r-release-linux-x86_64, r-release-macos-arm64, r-release-windows-x86_64