CRAN Package Check Results for Package seqmagick

Last updated on 2024-04-20 00:56:23 CEST.

Flavor Version Tinstall Tcheck Ttotal Status Flags
r-devel-linux-x86_64-debian-clang 0.1.7 0.33 2.14 2.47 ERROR
r-devel-linux-x86_64-debian-gcc 0.1.7 OK
r-devel-linux-x86_64-fedora-clang 0.1.7 226.63 OK
r-devel-linux-x86_64-fedora-gcc 0.1.7 241.03 OK
r-prerel-macos-arm64 0.1.7 64.00 OK
r-prerel-macos-x86_64 0.1.7 130.00 OK
r-prerel-windows-x86_64 0.1.7 16.00 126.00 142.00 OK
r-patched-linux-x86_64 0.1.7 15.02 152.96 167.98 OK
r-release-linux-x86_64 0.1.7 14.90 153.97 168.87 OK
r-release-macos-arm64 0.1.7 74.00 OK
r-release-macos-x86_64 0.1.7 167.00 OK
r-release-windows-x86_64 0.1.7 19.00 152.00 171.00 OK
r-oldrel-macos-arm64 0.1.7 70.00 OK
r-oldrel-windows-x86_64 0.1.7 20.00 153.00 173.00 OK

Check Details

Version: 0.1.7
Check: package dependencies
Result: ERROR Package required but not available: ‘Biostrings’ Packages suggested but not available for checking: 'GenomicAlignments', 'GenomicRanges', 'muscle', 'Rsamtools' See section ‘The DESCRIPTION file’ in the ‘Writing R Extensions’ manual. Flavor: r-devel-linux-x86_64-debian-clang