CRAN Package Check Results for Package sfc

Last updated on 2023-09-26 13:08:43 CEST.

Flavor Version Tinstall Tcheck Ttotal Status Flags
r-devel-linux-x86_64-debian-clang 0.1.0 6.00 47.41 53.41 NOTE
r-devel-linux-x86_64-debian-gcc 0.1.0 5.08 35.86 40.94 NOTE
r-devel-linux-x86_64-fedora-clang 0.1.0 63.53 NOTE
r-devel-linux-x86_64-fedora-gcc 0.1.0 64.07 NOTE
r-devel-windows-x86_64 0.1.0 5.00 53.00 58.00 NOTE
r-patched-linux-x86_64 0.1.0 3.69 44.34 48.03 NOTE
r-release-linux-x86_64 0.1.0 3.49 45.06 48.55 NOTE
r-release-macos-arm64 0.1.0 25.00 NOTE
r-release-macos-x86_64 0.1.0 34.00 NOTE
r-release-windows-x86_64 0.1.0 8.00 60.00 68.00 NOTE
r-oldrel-macos-arm64 0.1.0 23.00 NOTE
r-oldrel-macos-x86_64 0.1.0 39.00 NOTE
r-oldrel-windows-x86_64 0.1.0 8.00 64.00 72.00 NOTE

Check Details

Version: 0.1.0
Check: LazyData
Result: NOTE
     'LazyData' is specified without a 'data' directory
Flavors: r-devel-linux-x86_64-debian-clang, r-devel-linux-x86_64-debian-gcc, r-devel-linux-x86_64-fedora-clang, r-devel-linux-x86_64-fedora-gcc, r-devel-windows-x86_64, r-patched-linux-x86_64, r-release-linux-x86_64, r-release-macos-arm64, r-release-macos-x86_64, r-release-windows-x86_64, r-oldrel-macos-arm64, r-oldrel-macos-x86_64, r-oldrel-windows-x86_64