Last updated on 2022-07-06 17:49:15 CEST.
Flavor | Version | Tinstall | Tcheck | Ttotal | Status | Flags |
---|---|---|---|---|---|---|
r-devel-linux-x86_64-debian-clang | 0.4.0 | 139.00 | 46.83 | 185.83 | NOTE | |
r-devel-linux-x86_64-debian-gcc | 0.4.0 | 117.98 | 36.18 | 154.16 | NOTE | |
r-devel-linux-x86_64-fedora-clang | 0.4.0 | 273.46 | NOTE | |||
r-devel-linux-x86_64-fedora-gcc | 0.4.0 | 267.46 | NOTE | |||
r-devel-windows-x86_64 | 0.4.0 | 163.00 | 107.00 | 270.00 | NOTE | |
r-patched-linux-x86_64 | 0.4.0 | 116.37 | 45.18 | 161.55 | NOTE | |
r-release-linux-x86_64 | 0.4.0 | 127.85 | 45.62 | 173.47 | NOTE | |
r-release-macos-arm64 | 0.4.0 | 59.00 | NOTE | |||
r-release-macos-x86_64 | 0.4.0 | 84.00 | NOTE | |||
r-release-windows-x86_64 | 0.4.0 | 180.00 | 108.00 | 288.00 | NOTE | |
r-oldrel-macos-arm64 | 0.4.0 | 76.00 | NOTE | |||
r-oldrel-macos-x86_64 | 0.4.0 | 127.00 | NOTE | |||
r-oldrel-windows-ix86+x86_64 | 0.4.0 | 311.00 | 110.00 | 421.00 | NOTE |
Version: 0.4.0
Check: LazyData
Result: NOTE
'LazyData' is specified without a 'data' directory
Flavors: r-devel-linux-x86_64-debian-clang, r-devel-linux-x86_64-debian-gcc, r-devel-linux-x86_64-fedora-clang, r-devel-linux-x86_64-fedora-gcc, r-devel-windows-x86_64, r-patched-linux-x86_64, r-release-linux-x86_64, r-release-macos-arm64, r-release-macos-x86_64, r-release-windows-x86_64, r-oldrel-macos-arm64, r-oldrel-macos-x86_64, r-oldrel-windows-ix86+x86_64
Version: 0.4.0
Check: installed package size
Result: NOTE
installed size is 7.9Mb
sub-directories of 1Mb or more:
libs 7.3Mb
Flavors: r-devel-linux-x86_64-fedora-clang, r-release-macos-arm64, r-release-macos-x86_64, r-oldrel-macos-arm64, r-oldrel-macos-x86_64
Version: 0.4.0
Check: dependencies in R code
Result: NOTE
Namespace in Imports field not imported from: ‘geometries’
All declared Imports should be used.
Flavors: r-devel-linux-x86_64-fedora-clang, r-devel-linux-x86_64-fedora-gcc, r-release-macos-arm64, r-release-macos-x86_64, r-oldrel-macos-arm64, r-oldrel-macos-x86_64