CRAN Package Check Results for Package sftime

Last updated on 2024-03-02 08:49:31 CET.

Flavor Version Tinstall Tcheck Ttotal Status Flags
r-devel-linux-x86_64-debian-clang 0.2-0 5.27 90.22 95.49 NOTE
r-devel-linux-x86_64-debian-gcc 0.2-0 3.94 66.37 70.31 NOTE
r-devel-linux-x86_64-fedora-clang 0.2-0 115.80 NOTE
r-devel-linux-x86_64-fedora-gcc 0.2-0 122.14 NOTE
r-devel-windows-x86_64 0.2-0 6.00 87.00 93.00 OK
r-patched-linux-x86_64 0.2-0 10.95 85.83 96.78 OK
r-release-linux-x86_64 0.2-0 4.80 86.54 91.34 OK
r-release-macos-arm64 0.2-0 38.00 OK
r-release-macos-x86_64 0.2-0 69.00 OK
r-release-windows-x86_64 0.2-0 8.00 105.00 113.00 OK
r-oldrel-macos-arm64 0.2-0 40.00 OK
r-oldrel-windows-x86_64 0.2-0 9.00 104.00 113.00 OK

Check Details

Version: 0.2-0
Check: Rd files
Result: NOTE checkRd: (-1) st_as_sftime.Rd:71: Lost braces 71 | remove these columns from code{data.frame}?} | ^ Flavors: r-devel-linux-x86_64-debian-clang, r-devel-linux-x86_64-debian-gcc, r-devel-linux-x86_64-fedora-clang, r-devel-linux-x86_64-fedora-gcc

Version: 0.2-0
Check: Rd cross-references
Result: NOTE Undeclared package ‘vctrs’ in Rd xrefs Flavor: r-devel-linux-x86_64-fedora-clang