CRAN Package Check Results for Package sgeostat

Last updated on 2023-10-02 13:03:03 CEST.

Flavor Version Tinstall Tcheck Ttotal Status Flags
r-devel-linux-x86_64-debian-clang 1.0-27 5.17 35.70 40.87 OK
r-devel-linux-x86_64-debian-gcc 1.0-27 3.29 27.53 30.82 OK
r-devel-linux-x86_64-fedora-clang 1.0-27 53.11 NOTE
r-devel-linux-x86_64-fedora-gcc 1.0-27 47.46 NOTE
r-devel-windows-x86_64 1.0-27 7.00 51.00 58.00 OK
r-patched-linux-x86_64 1.0-27 4.74 34.49 39.23 OK
r-release-linux-x86_64 1.0-27 4.91 34.45 39.36 OK
r-release-macos-arm64 1.0-27 21.00 OK
r-release-macos-x86_64 1.0-27 32.00 NOTE
r-release-windows-x86_64 1.0-27 8.00 64.00 72.00 OK
r-oldrel-macos-arm64 1.0-27 22.00 OK
r-oldrel-macos-x86_64 1.0-27 28.00 OK
r-oldrel-windows-x86_64 1.0-27 11.00 63.00 74.00 OK

Check Details

Version: 1.0-27
Check: Rd cross-references
Result: NOTE
    Undeclared package ‘tripack’ in Rd xrefs
Flavor: r-devel-linux-x86_64-fedora-clang

Version: 1.0-27
Check: compiled code
Result: NOTE
    File ‘sgeostat/libs/sgeostat.so’:
     Found no calls to: ‘R_registerRoutines’, ‘R_useDynamicSymbols’
    
    It is good practice to register native routines and to disable symbol
    search.
    
    See ‘Writing portable packages’ in the ‘Writing R Extensions’ manual.
Flavors: r-devel-linux-x86_64-fedora-clang, r-devel-linux-x86_64-fedora-gcc

Version: 1.0-27
Check: Rd cross-references
Result: NOTE
    Package unavailable to check Rd xrefs: ‘tripack’
Flavor: r-release-macos-x86_64