CRAN Package Check Results for Package shapeNA

Last updated on 2023-09-26 13:08:43 CEST.

Flavor Version Tinstall Tcheck Ttotal Status Flags
r-devel-linux-x86_64-debian-clang 0.0.2 2.69 30.88 33.57 NOTE
r-devel-linux-x86_64-debian-gcc 0.0.2 2.19 24.14 26.33 NOTE
r-devel-linux-x86_64-fedora-clang 0.0.2 40.21 NOTE
r-devel-linux-x86_64-fedora-gcc 0.0.2 38.85 NOTE
r-devel-windows-x86_64 0.0.2 4.00 47.00 51.00 NOTE
r-patched-linux-x86_64 0.0.2 2.91 29.60 32.51 NOTE
r-release-linux-x86_64 0.0.2 2.58 30.35 32.93 NOTE
r-release-macos-arm64 0.0.2 19.00 NOTE
r-release-macos-x86_64 0.0.2 23.00 NOTE
r-release-windows-x86_64 0.0.2 5.00 52.00 57.00 NOTE
r-oldrel-macos-arm64 0.0.2 17.00 NOTE
r-oldrel-macos-x86_64 0.0.2 22.00 NOTE
r-oldrel-windows-x86_64 0.0.2 6.00 51.00 57.00 NOTE

Check Details

Version: 0.0.2
Check: LazyData
Result: NOTE
     'LazyData' is specified without a 'data' directory
Flavors: r-devel-linux-x86_64-debian-clang, r-devel-linux-x86_64-debian-gcc, r-devel-linux-x86_64-fedora-clang, r-devel-linux-x86_64-fedora-gcc, r-devel-windows-x86_64, r-patched-linux-x86_64, r-release-linux-x86_64, r-release-macos-arm64, r-release-macos-x86_64, r-release-windows-x86_64, r-oldrel-macos-arm64, r-oldrel-macos-x86_64, r-oldrel-windows-x86_64

Version: 0.0.2
Check: dependencies in R code
Result: NOTE
    Namespace in Imports field not imported from: ‘stats’
     All declared Imports should be used.
Flavors: r-devel-linux-x86_64-fedora-clang, r-devel-linux-x86_64-fedora-gcc, r-oldrel-macos-x86_64