Last updated on 2023-10-01 21:03:16 CEST.
Flavor | Version | Tinstall | Tcheck | Ttotal | Status | Flags |
---|---|---|---|---|---|---|
r-devel-linux-x86_64-debian-clang | 0.1.3 | 11.31 | 107.91 | 119.22 | NOTE | |
r-devel-linux-x86_64-debian-gcc | 0.1.3 | 7.66 | 81.71 | 89.37 | NOTE | |
r-devel-linux-x86_64-fedora-clang | 0.1.3 | 140.97 | NOTE | |||
r-devel-linux-x86_64-fedora-gcc | 0.1.3 | 185.18 | NOTE | |||
r-devel-windows-x86_64 | 0.1.3 | 11.00 | 138.00 | 149.00 | NOTE | |
r-patched-linux-x86_64 | 0.1.3 | 6.32 | 101.69 | 108.01 | NOTE | |
r-release-linux-x86_64 | 0.1.3 | 7.10 | 102.20 | 109.30 | NOTE | |
r-release-macos-arm64 | 0.1.3 | 51.00 | NOTE | |||
r-release-macos-x86_64 | 0.1.3 | 85.00 | NOTE | |||
r-release-windows-x86_64 | 0.1.3 | 13.00 | 133.00 | 146.00 | NOTE | |
r-oldrel-macos-arm64 | 0.1.3 | 43.00 | NOTE | |||
r-oldrel-macos-x86_64 | 0.1.3 | 72.00 | NOTE | |||
r-oldrel-windows-x86_64 | 0.1.3 | 14.00 | 133.00 | 147.00 | NOTE |
Version: 0.1.3
Check: LazyData
Result: NOTE
'LazyData' is specified without a 'data' directory
Flavors: r-devel-linux-x86_64-debian-clang, r-devel-linux-x86_64-debian-gcc, r-devel-linux-x86_64-fedora-clang, r-devel-linux-x86_64-fedora-gcc, r-devel-windows-x86_64, r-patched-linux-x86_64, r-release-linux-x86_64, r-release-macos-arm64, r-release-macos-x86_64, r-release-windows-x86_64, r-oldrel-macos-arm64, r-oldrel-macos-x86_64, r-oldrel-windows-x86_64