CRAN Package Check Results for Package sharpshootR

Last updated on 2021-10-24 16:54:17 CEST.

Flavor Version Tinstall Tcheck Ttotal Status Flags
r-devel-linux-x86_64-debian-clang 1.8.2 37.53 332.35 369.88 NOTE
r-devel-linux-x86_64-debian-gcc 1.8.2 28.71 239.44 268.15 NOTE
r-devel-linux-x86_64-fedora-clang 1.8.2 440.93 NOTE
r-devel-linux-x86_64-fedora-gcc 1.8.2 441.69 NOTE
r-devel-windows-x86_64 1.8.2 55.00 368.00 423.00 NOTE
r-devel-windows-x86_64-gcc10-UCRT 1.8.2 NOTE
r-patched-linux-x86_64 1.8.2 39.95 314.66 354.61 NOTE
r-patched-solaris-x86 1.8.2 483.10 NOTE
r-release-linux-x86_64 1.8.2 32.16 312.20 344.36 NOTE
r-release-macos-arm64 1.8.2 NOTE
r-release-macos-x86_64 1.8.2 NOTE
r-release-windows-ix86+x86_64 1.8.2 62.00 311.00 373.00 NOTE
r-oldrel-macos-x86_64 1.8.2 NOTE
r-oldrel-windows-ix86+x86_64 1.8.2 50.00 232.00 282.00 NOTE

Check Details

Version: 1.8.2
Check: package dependencies
Result: NOTE
    Package suggested but not available for checking: 'hydromad'
Flavors: r-devel-linux-x86_64-debian-clang, r-devel-linux-x86_64-debian-gcc, r-devel-linux-x86_64-fedora-clang, r-devel-linux-x86_64-fedora-gcc, r-devel-windows-x86_64, r-devel-windows-x86_64-gcc10-UCRT, r-patched-linux-x86_64, r-patched-solaris-x86, r-release-linux-x86_64, r-release-macos-arm64, r-release-macos-x86_64, r-release-windows-ix86+x86_64, r-oldrel-macos-x86_64, r-oldrel-windows-ix86+x86_64