CRAN Package Check Results for Package shinyPredict

Last updated on 2024-04-20 00:56:24 CEST.

Flavor Version Tinstall Tcheck Ttotal Status Flags
r-devel-linux-x86_64-debian-clang 0.1.1 1.86 20.90 22.76 NOTE
r-devel-linux-x86_64-debian-gcc 0.1.1 NOTE
r-devel-linux-x86_64-fedora-clang 0.1.1 29.93 NOTE
r-devel-linux-x86_64-fedora-gcc 0.1.1 27.70 NOTE
r-prerel-macos-arm64 0.1.1 15.00 NOTE
r-prerel-windows-x86_64 0.1.1 2.00 38.00 40.00 NOTE
r-patched-linux-x86_64 0.1.1 1.64 20.56 22.20 NOTE
r-release-linux-x86_64 0.1.1 1.83 20.17 22.00 NOTE
r-release-macos-arm64 0.1.1 16.00 NOTE
r-release-macos-x86_64 0.1.1 19.00 NOTE
r-release-windows-x86_64 0.1.1 3.00 39.00 42.00 NOTE
r-oldrel-macos-arm64 0.1.1 16.00 NOTE
r-oldrel-windows-x86_64 0.1.1 3.00 44.00 47.00 NOTE

Check Details

Version: 0.1.1
Check: LazyData
Result: NOTE 'LazyData' is specified without a 'data' directory Flavors: r-devel-linux-x86_64-debian-clang, r-devel-linux-x86_64-debian-gcc, r-devel-linux-x86_64-fedora-clang, r-devel-linux-x86_64-fedora-gcc, r-prerel-macos-arm64, r-prerel-windows-x86_64, r-patched-linux-x86_64, r-release-linux-x86_64, r-release-macos-arm64, r-release-macos-x86_64, r-release-windows-x86_64, r-oldrel-macos-arm64, r-oldrel-windows-x86_64