CRAN Package Check Results for Package shinyalert

Last updated on 2022-01-23 15:49:21 CET.

Flavor Version Tinstall Tcheck Ttotal Status Flags
r-devel-linux-x86_64-debian-clang 3.0.0 1.66 29.43 31.09 OK
r-devel-linux-x86_64-debian-gcc 3.0.0 1.63 25.47 27.10 OK
r-devel-linux-x86_64-fedora-clang 3.0.0 40.29 NOTE
r-devel-linux-x86_64-fedora-gcc 3.0.0 28.35 NOTE
r-devel-windows-x86_64-new-UL 3.0.0 34.00 48.00 82.00 OK
r-devel-windows-x86_64-new-TK 3.0.0 NOTE
r-patched-linux-x86_64 3.0.0 1.61 28.68 30.29 OK
r-release-linux-x86_64 3.0.0 2.12 28.77 30.89 OK
r-release-macos-arm64 3.0.0 NOTE
r-release-macos-x86_64 3.0.0 NOTE
r-release-windows-ix86+x86_64 3.0.0 6.00 38.00 44.00 OK
r-oldrel-macos-x86_64 3.0.0 NOTE
r-oldrel-windows-ix86+x86_64 3.0.0 7.00 38.00 45.00 OK

Check Details

Version: 3.0.0
Check: dependencies in R code
Result: NOTE
    Namespace in Imports field not imported from: ‘stats’
     All declared Imports should be used.
Flavors: r-devel-linux-x86_64-fedora-clang, r-devel-linux-x86_64-fedora-gcc, r-devel-windows-x86_64-new-TK, r-release-macos-arm64, r-release-macos-x86_64, r-oldrel-macos-x86_64