CRAN Package Check Results for Package shinybusy

Last updated on 2021-12-04 20:49:34 CET.

Flavor Version Tinstall Tcheck Ttotal Status Flags
r-devel-linux-x86_64-debian-clang 0.2.2 4.42 50.81 55.23 NOTE
r-devel-linux-x86_64-debian-gcc 0.2.2 2.92 40.72 43.64 NOTE
r-devel-linux-x86_64-fedora-clang 0.2.2 68.40 NOTE
r-devel-linux-x86_64-fedora-gcc 0.2.2 57.78 NOTE
r-devel-windows-x86_64-new-UL 0.2.2 14.00 94.00 108.00 NOTE
r-devel-windows-x86_64-new-TK 0.2.2 NOTE
r-devel-windows-x86_64-old 0.2.2 9.00 60.00 69.00 NOTE
r-patched-linux-x86_64 0.2.2 4.41 42.63 47.04 NOTE
r-release-linux-x86_64 0.2.2 3.82 42.97 46.79 NOTE
r-release-macos-arm64 0.2.2 NOTE
r-release-macos-x86_64 0.2.2 NOTE
r-release-windows-ix86+x86_64 0.2.2 11.00 71.00 82.00 NOTE
r-oldrel-macos-x86_64 0.2.2 OK
r-oldrel-windows-ix86+x86_64 0.2.2 11.00 70.00 81.00 OK

Check Details

Version: 0.2.2
Check: LazyData
Result: NOTE
     'LazyData' is specified without a 'data' directory
Flavors: r-devel-linux-x86_64-debian-clang, r-devel-linux-x86_64-debian-gcc, r-devel-linux-x86_64-fedora-clang, r-devel-linux-x86_64-fedora-gcc, r-devel-windows-x86_64-new-UL, r-devel-windows-x86_64-new-TK, r-devel-windows-x86_64-old, r-patched-linux-x86_64, r-release-linux-x86_64, r-release-macos-arm64, r-release-macos-x86_64, r-release-windows-ix86+x86_64