Last updated on 2023-06-10 08:53:27 CEST.
Flavor | Version | Tinstall | Tcheck | Ttotal | Status | Flags |
---|---|---|---|---|---|---|
r-devel-linux-x86_64-debian-clang | 0.1.0 | 18.51 | 163.57 | 182.08 | OK | |
r-devel-linux-x86_64-debian-gcc | 0.1.0 | 16.33 | 122.75 | 139.08 | OK | |
r-devel-linux-x86_64-fedora-clang | 0.1.0 | 229.70 | NOTE | |||
r-devel-linux-x86_64-fedora-gcc | 0.1.0 | 215.47 | OK | |||
r-devel-windows-x86_64 | 0.1.0 | 18.00 | 132.00 | 150.00 | OK | |
r-patched-linux-x86_64 | 0.1.0 | 16.87 | 150.45 | 167.32 | OK | |
r-release-linux-x86_64 | 0.1.0 | 13.08 | 151.89 | 164.97 | OK | |
r-release-macos-arm64 | 0.1.0 | 66.00 | OK | |||
r-release-macos-x86_64 | 0.1.0 | 110.00 | OK | |||
r-release-windows-x86_64 | 0.1.0 | 24.00 | 156.00 | 180.00 | OK | |
r-oldrel-macos-arm64 | 0.1.0 | 75.00 | OK | |||
r-oldrel-macos-x86_64 | 0.1.0 | 108.00 | OK | |||
r-oldrel-windows-x86_64 | 0.1.0 | 25.00 | 160.00 | 185.00 | OK |
Version: 0.1.0
Check: Rd cross-references
Result: NOTE
Undeclared package ‘finetune’ in Rd xrefs
Flavor: r-devel-linux-x86_64-fedora-clang