Last updated on 2023-09-27 01:05:41 CEST.
Flavor | Version | Tinstall | Tcheck | Ttotal | Status | Flags |
---|---|---|---|---|---|---|
r-devel-linux-x86_64-debian-clang | 0.3.0 | 19.80 | 155.62 | 175.42 | OK | |
r-devel-linux-x86_64-debian-gcc | 0.3.0 | 14.65 | 114.53 | 129.18 | OK | |
r-devel-linux-x86_64-fedora-clang | 0.3.0 | 207.21 | NOTE | |||
r-devel-linux-x86_64-fedora-gcc | 0.3.0 | 221.49 | NOTE | |||
r-devel-windows-x86_64 | 0.3.0 | 17.00 | 129.00 | 146.00 | OK | |
r-patched-linux-x86_64 | 0.3.0 | 12.67 | 145.04 | 157.71 | OK | |
r-release-linux-x86_64 | 0.3.0 | 12.60 | 146.09 | 158.69 | OK | |
r-release-macos-arm64 | 0.3.0 | 71.00 | OK | |||
r-release-macos-x86_64 | 0.3.0 | 123.00 | OK | |||
r-release-windows-x86_64 | 0.3.0 | 21.00 | 158.00 | 179.00 | OK | |
r-oldrel-macos-arm64 | 0.3.0 | 62.00 | NOTE | |||
r-oldrel-macos-x86_64 | 0.3.0 | 110.00 | NOTE | |||
r-oldrel-windows-x86_64 | 0.3.0 | 24.00 | 158.00 | 182.00 | OK |
Version: 0.3.0
Check: dependencies in R code
Result: NOTE
Namespaces in Imports field not imported from:
‘e1071’ ‘knitr’
All declared Imports should be used.
Flavors: r-devel-linux-x86_64-fedora-clang, r-devel-linux-x86_64-fedora-gcc, r-oldrel-macos-arm64, r-oldrel-macos-x86_64