CRAN Package Check Results for Package shinyservicebot

Last updated on 2023-09-25 01:03:47 CEST.

Flavor Version Tinstall Tcheck Ttotal Status Flags
r-devel-linux-x86_64-debian-clang 0.1.0 3.09 33.18 36.27 NOTE
r-devel-linux-x86_64-debian-gcc 0.1.0 2.57 25.86 28.43 NOTE
r-devel-linux-x86_64-fedora-clang 0.1.0 45.76 NOTE
r-devel-linux-x86_64-fedora-gcc 0.1.0 55.88 NOTE
r-devel-windows-x86_64 0.1.0 5.00 50.00 55.00 NOTE
r-patched-linux-x86_64 0.1.0 2.12 32.35 34.47 NOTE
r-release-linux-x86_64 0.1.0 1.97 32.10 34.07 NOTE
r-release-macos-arm64 0.1.0 28.00 NOTE
r-release-macos-x86_64 0.1.0 36.00 NOTE
r-release-windows-x86_64 0.1.0 6.00 51.00 57.00 NOTE
r-oldrel-macos-arm64 0.1.0 18.00 NOTE
r-oldrel-macos-x86_64 0.1.0 35.00 NOTE
r-oldrel-windows-x86_64 0.1.0 6.00 52.00 58.00 NOTE

Check Details

Version: 0.1.0
Check: LazyData
Result: NOTE
     'LazyData' is specified without a 'data' directory
Flavors: r-devel-linux-x86_64-debian-clang, r-devel-linux-x86_64-debian-gcc, r-devel-linux-x86_64-fedora-clang, r-devel-linux-x86_64-fedora-gcc, r-devel-windows-x86_64, r-patched-linux-x86_64, r-release-linux-x86_64, r-release-macos-arm64, r-release-macos-x86_64, r-release-windows-x86_64, r-oldrel-macos-arm64, r-oldrel-macos-x86_64, r-oldrel-windows-x86_64