Last updated on 2023-10-01 01:53:29 CEST.
Flavor | Version | Tinstall | Tcheck | Ttotal | Status | Flags |
---|---|---|---|---|---|---|
r-devel-linux-x86_64-debian-clang | 0.2.4 | 3.59 | 107.35 | 110.94 | OK | |
r-devel-linux-x86_64-debian-gcc | 0.2.4 | 2.94 | 78.15 | 81.09 | OK | |
r-devel-linux-x86_64-fedora-clang | 0.2.4 | 133.91 | NOTE | |||
r-devel-linux-x86_64-fedora-gcc | 0.2.4 | 149.63 | NOTE | |||
r-devel-windows-x86_64 | 0.2.4 | 6.00 | 99.00 | 105.00 | OK | |
r-patched-linux-x86_64 | 0.2.4 | 3.62 | 101.49 | 105.11 | OK | |
r-release-linux-x86_64 | 0.2.4 | 3.45 | 102.11 | 105.56 | OK | |
r-release-macos-arm64 | 0.2.4 | 51.00 | OK | |||
r-release-macos-x86_64 | 0.2.4 | 77.00 | OK | |||
r-release-windows-x86_64 | 0.2.4 | 7.00 | 119.00 | 126.00 | OK | |
r-oldrel-macos-arm64 | 0.2.4 | 35.00 | NOTE | |||
r-oldrel-macos-x86_64 | 0.2.4 | 68.00 | NOTE | |||
r-oldrel-windows-x86_64 | 0.2.4 | 7.00 | 119.00 | 126.00 | OK |
Version: 0.2.4
Check: dependencies in R code
Result: NOTE
Namespace in Imports field not imported from: ‘dplyr’
All declared Imports should be used.
Flavors: r-devel-linux-x86_64-fedora-clang, r-devel-linux-x86_64-fedora-gcc, r-oldrel-macos-arm64, r-oldrel-macos-x86_64