CRAN Package Check Results for Package sicegar

Last updated on 2024-06-22 16:49:15 CEST.

Flavor Version Tinstall Tcheck Ttotal Status Flags
r-devel-linux-x86_64-debian-clang 0.2.4 3.40 112.74 116.14 OK
r-devel-linux-x86_64-debian-gcc 0.2.4 2.90 82.07 84.97 OK
r-devel-linux-x86_64-fedora-clang 0.2.4 146.68 NOTE
r-devel-linux-x86_64-fedora-gcc 0.2.4 151.84 NOTE
r-devel-windows-x86_64 0.2.4 5.00 99.00 104.00 OK
r-patched-linux-x86_64 0.2.4 3.48 107.70 111.18 OK
r-release-linux-x86_64 0.2.4 3.02 106.28 109.30 OK
r-release-macos-arm64 0.2.4 49.00 OK
r-release-macos-x86_64 0.2.4 72.00 OK
r-release-windows-x86_64 0.2.4 5.00 101.00 106.00 OK
r-oldrel-macos-arm64 0.2.4 51.00 OK
r-oldrel-macos-x86_64 0.2.4 77.00 OK
r-oldrel-windows-x86_64 0.2.4 5.00 115.00 120.00 OK

Check Details

Version: 0.2.4
Check: dependencies in R code
Result: NOTE Namespace in Imports field not imported from: ‘dplyr’ All declared Imports should be used. Flavors: r-devel-linux-x86_64-fedora-clang, r-devel-linux-x86_64-fedora-gcc