CRAN Package Check Results for Package sicegar

Last updated on 2022-01-17 19:49:49 CET.

Flavor Version Tinstall Tcheck Ttotal Status Flags
r-devel-linux-x86_64-debian-clang 0.2.4 2.68 95.00 97.68 OK
r-devel-linux-x86_64-debian-gcc 0.2.4 2.77 71.24 74.01 OK
r-devel-linux-x86_64-fedora-clang 0.2.4 118.46 NOTE
r-devel-linux-x86_64-fedora-gcc 0.2.4 106.16 NOTE
r-devel-windows-x86_64-new-UL 0.2.4 43.00 135.00 178.00 OK
r-devel-windows-x86_64-new-TK 0.2.4 NOTE
r-patched-linux-x86_64 0.2.4 3.65 101.99 105.64 OK
r-release-linux-x86_64 0.2.4 OK
r-release-macos-arm64 0.2.4 NOTE
r-release-macos-x86_64 0.2.4 NOTE
r-release-windows-ix86+x86_64 0.2.4 8.00 127.00 135.00 OK
r-oldrel-macos-x86_64 0.2.4 NOTE
r-oldrel-windows-ix86+x86_64 0.2.4 8.00 140.00 148.00 OK

Check Details

Version: 0.2.4
Check: dependencies in R code
Result: NOTE
    Namespace in Imports field not imported from: ‘dplyr’
     All declared Imports should be used.
Flavors: r-devel-linux-x86_64-fedora-clang, r-devel-linux-x86_64-fedora-gcc, r-devel-windows-x86_64-new-TK, r-release-macos-arm64, r-release-macos-x86_64, r-oldrel-macos-x86_64