Last updated on 2023-04-02 13:52:00 CEST.
Flavor | Version | Tinstall | Tcheck | Ttotal | Status | Flags |
---|---|---|---|---|---|---|
r-devel-linux-x86_64-debian-clang | 2.1.9 | 53.14 | 309.76 | 362.90 | NOTE | |
r-devel-linux-x86_64-debian-gcc | 2.1.9 | 41.07 | 228.59 | 269.66 | NOTE | |
r-devel-linux-x86_64-fedora-clang | 2.1.9 | 533.90 | NOTE | |||
r-devel-linux-x86_64-fedora-gcc | 2.1.9 | 458.85 | NOTE | |||
r-patched-linux-x86_64 | 2.1.9 | 46.93 | 292.47 | 339.40 | NOTE | |
r-release-linux-x86_64 | 2.1.9 | 42.56 | 279.66 | 322.22 | OK | |
r-release-macos-arm64 | 2.1.9 | 108.00 | NOTE | |||
r-release-macos-x86_64 | 2.1.9 | 138.00 | NOTE | |||
r-release-windows-x86_64 | 2.1.9 | 134.00 | 393.00 | 527.00 | OK | |
r-oldrel-macos-arm64 | 2.1.9 | 121.00 | NOTE | |||
r-oldrel-macos-x86_64 | 2.1.9 | 153.00 | OK | |||
r-oldrel-windows-ix86+x86_64 | 2.1.9 | 111.00 | 473.00 | 584.00 | NOTE |
Version: 2.1.9
Check: package dependencies
Result: NOTE
Package suggested but not available for checking: ‘copynumber’
Flavors: r-devel-linux-x86_64-debian-clang, r-devel-linux-x86_64-debian-gcc, r-devel-linux-x86_64-fedora-clang, r-devel-linux-x86_64-fedora-gcc, r-patched-linux-x86_64, r-oldrel-macos-arm64
Version: 2.1.9
Check: package dependencies
Result: NOTE
Packages suggested but not available for checking:
'BSgenome.Hsapiens.UCSC.hg19', 'copynumber'
Flavor: r-release-macos-arm64
Version: 2.1.9
Check: package dependencies
Result: NOTE
Package suggested but not available for checking: ‘BSgenome.Hsapiens.UCSC.hg19’
Flavor: r-release-macos-x86_64
Version: 2.1.9
Check: installed package size
Result: NOTE
installed size is 5.4Mb
sub-directories of 1Mb or more:
libs 2.0Mb
Flavor: r-oldrel-windows-ix86+x86_64