CRAN Package Check Results for Package simMP

Last updated on 2024-03-03 04:48:49 CET.

Flavor Version Tinstall Tcheck Ttotal Status Flags
r-devel-linux-x86_64-debian-clang 0.17.3 2.88 63.66 66.54 NOTE
r-devel-linux-x86_64-debian-gcc 0.17.3 1.98 49.64 51.62 NOTE
r-devel-linux-x86_64-fedora-clang 0.17.3 86.80 NOTE
r-devel-linux-x86_64-fedora-gcc 0.17.3 87.31 NOTE
r-devel-windows-x86_64 0.17.3 4.00 75.00 79.00 OK
r-patched-linux-x86_64 0.17.3 9.43 63.68 73.11 NOTE
r-release-linux-x86_64 0.17.3 1.98 64.91 66.89 NOTE
r-release-macos-arm64 0.17.3 26.00 NOTE
r-release-macos-x86_64 0.17.3 34.00 NOTE
r-release-windows-x86_64 0.17.3 4.00 82.00 86.00 OK
r-oldrel-macos-arm64 0.17.3 22.00 NOTE
r-oldrel-windows-x86_64 0.17.3 4.00 84.00 88.00 OK

Check Details

Version: 0.17.3
Check: for non-standard things in the check directory
Result: NOTE Found the following files/directories: ‘res_mutation.tsv’ ‘res_mutationCounts.txt’ ‘res_processContribution.txt’ ‘res_processes.txt’ Flavors: r-devel-linux-x86_64-debian-clang, r-devel-linux-x86_64-debian-gcc, r-devel-linux-x86_64-fedora-clang, r-devel-linux-x86_64-fedora-gcc, r-patched-linux-x86_64, r-release-linux-x86_64

Version: 0.17.3
Check: package dependencies
Result: NOTE Package suggested but not available for checking: ‘BSgenome.Hsapiens.UCSC.hg38’ Flavors: r-release-macos-arm64, r-release-macos-x86_64, r-oldrel-macos-arm64