CRAN Package Check Results for Package simPop

Last updated on 2021-09-23 00:49:04 CEST.

Flavor Version Tinstall Tcheck Ttotal Status Flags
r-devel-linux-x86_64-debian-clang 1.2.1 84.75 197.79 282.54 OK
r-devel-linux-x86_64-debian-gcc 1.2.1 60.89 144.29 205.18 OK
r-devel-linux-x86_64-fedora-clang 1.2.1 366.41 OK
r-devel-linux-x86_64-fedora-gcc 1.2.1 338.33 OK
r-devel-windows-x86_64 1.2.1 95.00 196.00 291.00 OK
r-devel-windows-x86_64-gcc10-UCRT 1.2.1 ERROR
r-patched-linux-x86_64 1.2.1 73.79 184.49 258.28 OK
r-patched-solaris-x86 1.2.1 420.40 OK
r-release-linux-x86_64 1.2.1 72.43 183.97 256.40 OK
r-release-macos-arm64 1.2.1 NOTE
r-release-macos-x86_64 1.2.1 NOTE
r-release-windows-ix86+x86_64 1.2.1 199.00 256.00 455.00 NOTE
r-oldrel-macos-x86_64 1.2.1 NOTE
r-oldrel-windows-ix86+x86_64 1.2.1 140.00 259.00 399.00 NOTE

Check Details

Version: 1.2.1
Check: whether package can be installed
Result: ERROR
    Installation failed.
Flavor: r-devel-windows-x86_64-gcc10-UCRT

Version: 1.2.1
Check: installed package size
Result: NOTE
     installed size is 5.6Mb
     sub-directories of 1Mb or more:
     data 2.0Mb
     libs 2.7Mb
Flavors: r-release-macos-arm64, r-release-macos-x86_64, r-release-windows-ix86+x86_64, r-oldrel-macos-x86_64, r-oldrel-windows-ix86+x86_64