Last updated on 2023-03-29 16:50:27 CEST.
Flavor | Version | Tinstall | Tcheck | Ttotal | Status | Flags |
---|---|---|---|---|---|---|
r-devel-linux-x86_64-debian-clang | 0.0.3 | 4.59 | 57.69 | 62.28 | OK | |
r-devel-linux-x86_64-debian-gcc | 0.0.3 | 3.66 | 44.49 | 48.15 | OK | |
r-devel-linux-x86_64-fedora-clang | 0.0.3 | 77.63 | OK | |||
r-devel-linux-x86_64-fedora-gcc | 0.0.3 | 84.15 | OK | |||
r-patched-linux-x86_64 | 0.0.3 | 3.99 | 55.43 | 59.42 | OK | |
r-release-linux-x86_64 | 0.0.3 | 5.13 | 57.07 | 62.20 | OK | |
r-release-macos-arm64 | 0.0.3 | 26.00 | OK | |||
r-release-macos-x86_64 | 0.0.3 | 40.00 | NOTE | |||
r-release-windows-x86_64 | 0.0.3 | 16.00 | 109.00 | 125.00 | OK | |
r-oldrel-macos-arm64 | 0.0.3 | 34.00 | OK | |||
r-oldrel-macos-x86_64 | 0.0.3 | 42.00 | OK | |||
r-oldrel-windows-ix86+x86_64 | 0.0.3 | 11.00 | 102.00 | 113.00 | OK |
Version: 0.0.3
Check: package dependencies
Result: NOTE
Package suggested but not available for checking: ‘rjags’
Flavor: r-release-macos-x86_64