Last updated on 2023-03-21 11:54:02 CET.
Flavor | Version | Tinstall | Tcheck | Ttotal | Status | Flags |
---|---|---|---|---|---|---|
r-devel-linux-x86_64-debian-clang | 0.2.1 | 478.80 | 150.73 | 629.53 | NOTE | |
r-devel-linux-x86_64-debian-gcc | 0.2.1 | 393.62 | 113.73 | 507.35 | NOTE | |
r-devel-linux-x86_64-fedora-clang | 0.2.1 | 1009.77 | NOTE | |||
r-devel-linux-x86_64-fedora-gcc | 0.2.1 | 867.15 | NOTE | |||
r-patched-linux-x86_64 | 0.2.1 | 357.40 | 129.42 | 486.82 | OK | |
r-release-linux-x86_64 | 0.2.1 | 336.31 | 131.59 | 467.90 | OK | |
r-release-macos-arm64 | 0.2.1 | 177.00 | NOTE | |||
r-release-macos-x86_64 | 0.2.1 | 243.00 | NOTE | |||
r-release-windows-x86_64 | 0.2.1 | 420.00 | 212.00 | 632.00 | OK | |
r-oldrel-macos-arm64 | 0.2.1 | 172.00 | NOTE | |||
r-oldrel-macos-x86_64 | 0.2.1 | 245.00 | NOTE | |||
r-oldrel-windows-ix86+x86_64 | 0.2.1 | 1211.00 | 236.00 | 1447.00 | NOTE |
Version: 0.2.1
Check: C++ specification
Result: NOTE
Specified C++11: please drop specification unless essential
Flavors: r-devel-linux-x86_64-debian-clang, r-devel-linux-x86_64-debian-gcc, r-devel-linux-x86_64-fedora-clang, r-devel-linux-x86_64-fedora-gcc
Version: 0.2.1
Check: installed package size
Result: NOTE
installed size is 24.8Mb
sub-directories of 1Mb or more:
doc 1.5Mb
libs 22.3Mb
Flavors: r-release-macos-arm64, r-release-macos-x86_64, r-oldrel-macos-arm64, r-oldrel-macos-x86_64, r-oldrel-windows-ix86+x86_64