CRAN Package Check Results for Package sindyr

Last updated on 2021-11-28 23:50:40 CET.

Flavor Version Tinstall Tcheck Ttotal Status Flags
r-devel-linux-x86_64-debian-clang 0.2.3 OK
r-devel-linux-x86_64-debian-gcc 0.2.3 2.38 30.97 33.35 OK
r-devel-linux-x86_64-fedora-clang 0.2.3 61.29 NOTE
r-devel-linux-x86_64-fedora-gcc 0.2.3 48.51 NOTE
r-devel-windows-x86_64-new-UL 0.2.3 10.00 75.00 85.00 OK
r-devel-windows-x86_64-new-TK 0.2.3 NOTE
r-devel-windows-x86_64-old 0.2.3 6.00 63.00 69.00 OK
r-patched-linux-x86_64 0.2.3 3.23 36.19 39.42 OK
r-patched-solaris-x86 0.2.3 83.80 NOTE
r-release-linux-x86_64 0.2.3 3.04 36.87 39.91 OK
r-release-macos-arm64 0.2.3 NOTE
r-release-macos-x86_64 0.2.3 NOTE
r-release-windows-ix86+x86_64 0.2.3 9.00 43.00 52.00 OK
r-oldrel-macos-x86_64 0.2.3 NOTE
r-oldrel-windows-ix86+x86_64 0.2.3 19.00 67.00 86.00 OK

Check Details

Version: 0.2.3
Check: dependencies in R code
Result: NOTE
    Namespaces in Imports field not imported from:
     ‘crqa’ ‘plot3D’
     All declared Imports should be used.
Flavors: r-devel-linux-x86_64-fedora-clang, r-devel-linux-x86_64-fedora-gcc, r-devel-windows-x86_64-new-TK, r-patched-solaris-x86, r-release-macos-arm64, r-release-macos-x86_64, r-oldrel-macos-x86_64