CRAN Package Check Results for Package sinew

Last updated on 2021-12-01 19:51:50 CET.

Flavor Version Tinstall Tcheck Ttotal Status Flags
r-devel-linux-x86_64-debian-clang 0.3.8 7.36 61.59 68.95 NOTE
r-devel-linux-x86_64-debian-gcc 0.3.8 4.94 47.13 52.07 NOTE
r-devel-linux-x86_64-fedora-clang 0.3.8 95.14 NOTE
r-devel-linux-x86_64-fedora-gcc 0.3.8 79.10 NOTE
r-devel-windows-x86_64-new-UL 0.3.8 16.00 110.00 126.00 NOTE
r-devel-windows-x86_64-new-TK 0.3.8 NOTE
r-devel-windows-x86_64-old 0.3.8 12.00 71.00 83.00 NOTE
r-patched-linux-x86_64 0.3.8 7.38 49.47 56.85 NOTE
r-patched-solaris-x86 0.3.8 104.40 NOTE
r-release-linux-x86_64 0.3.8 6.46 49.25 55.71 NOTE
r-release-macos-arm64 0.3.8 NOTE
r-release-macos-x86_64 0.3.8 NOTE
r-release-windows-ix86+x86_64 0.3.8 16.00 56.00 72.00 NOTE
r-oldrel-macos-x86_64 0.3.8 OK
r-oldrel-windows-ix86+x86_64 0.3.8 12.00 73.00 85.00 OK

Check Details

Version: 0.3.8
Check: LazyData
Result: NOTE
     'LazyData' is specified without a 'data' directory
Flavors: r-devel-linux-x86_64-debian-clang, r-devel-linux-x86_64-debian-gcc, r-devel-linux-x86_64-fedora-clang, r-devel-linux-x86_64-fedora-gcc, r-devel-windows-x86_64-new-UL, r-devel-windows-x86_64-new-TK, r-devel-windows-x86_64-old, r-patched-linux-x86_64, r-patched-solaris-x86, r-release-linux-x86_64, r-release-macos-arm64, r-release-macos-x86_64, r-release-windows-ix86+x86_64