Last updated on 2023-06-04 20:57:53 CEST.
Flavor | Version | Tinstall | Tcheck | Ttotal | Status | Flags |
---|---|---|---|---|---|---|
r-devel-linux-x86_64-debian-clang | 0.3.3 | 108.34 | 136.66 | 245.00 | NOTE | |
r-devel-linux-x86_64-debian-gcc | 0.3.3 | 89.04 | 101.91 | 190.95 | NOTE | |
r-devel-linux-x86_64-fedora-clang | 0.3.3 | 357.52 | NOTE | |||
r-devel-linux-x86_64-fedora-gcc | 0.3.3 | 335.20 | NOTE | |||
r-devel-windows-x86_64 | 0.3.3 | 93.00 | 124.00 | 217.00 | NOTE | |
r-patched-linux-x86_64 | 0.3.3 | 103.87 | 128.40 | 232.27 | NOTE | |
r-release-linux-x86_64 | 0.3.3 | 90.54 | 129.63 | 220.17 | NOTE | |
r-release-macos-arm64 | 0.3.3 | 99.00 | NOTE | |||
r-release-macos-x86_64 | 0.3.3 | 149.00 | NOTE | |||
r-release-windows-x86_64 | 0.3.3 | 112.00 | 165.00 | 277.00 | NOTE | |
r-oldrel-macos-arm64 | 0.3.3 | 82.00 | NOTE | |||
r-oldrel-macos-x86_64 | 0.3.3 | 106.00 | NOTE | |||
r-oldrel-windows-x86_64 | 0.3.3 | 108.00 | 155.00 | 263.00 | OK |
Version: 0.3.3
Check: C++ specification
Result: NOTE
Specified C++11: please drop specification unless essential
Flavors: r-devel-linux-x86_64-debian-clang, r-devel-linux-x86_64-debian-gcc, r-devel-linux-x86_64-fedora-clang, r-devel-linux-x86_64-fedora-gcc, r-devel-windows-x86_64, r-patched-linux-x86_64, r-release-linux-x86_64, r-release-macos-arm64, r-release-macos-x86_64, r-release-windows-x86_64
Version: 0.3.3
Check: installed package size
Result: NOTE
installed size is 7.8Mb
sub-directories of 1Mb or more:
libs 7.5Mb
Flavors: r-release-macos-arm64, r-release-macos-x86_64, r-oldrel-macos-arm64, r-oldrel-macos-x86_64