CRAN Package Check Results for Package sirus

Last updated on 2022-01-26 08:51:31 CET.

Flavor Version Tinstall Tcheck Ttotal Status Flags
r-devel-linux-x86_64-debian-clang 0.3.2 104.97 137.88 242.85 OK
r-devel-linux-x86_64-debian-gcc 0.3.2 79.36 103.17 182.53 OK
r-devel-linux-x86_64-fedora-clang 0.3.2 323.78 NOTE
r-devel-linux-x86_64-fedora-gcc 0.3.2 298.17 OK
r-devel-windows-x86_64-new-UL 0.3.2 107.00 178.00 285.00 OK
r-devel-windows-x86_64-new-TK 0.3.2 OK
r-patched-linux-x86_64 0.3.2 100.78 123.33 224.11 OK
r-release-linux-x86_64 0.3.2 96.88 122.11 218.99 OK
r-release-macos-arm64 0.3.2 NOTE
r-release-macos-x86_64 0.3.2 NOTE
r-release-windows-ix86+x86_64 0.3.2 246.00 207.00 453.00 OK
r-oldrel-macos-x86_64 0.3.2 NOTE
r-oldrel-windows-ix86+x86_64 0.3.2 247.00 214.00 461.00 OK

Check Details

Version: 0.3.2
Check: installed package size
Result: NOTE
     installed size is 6.9Mb
     sub-directories of 1Mb or more:
     libs 6.6Mb
Flavors: r-devel-linux-x86_64-fedora-clang, r-release-macos-arm64, r-release-macos-x86_64, r-oldrel-macos-x86_64

Version: 0.3.2
Check: Rd cross-references
Result: NOTE
    Undeclared package ‘ranger’ in Rd xrefs
Flavor: r-devel-linux-x86_64-fedora-clang