CRAN Package Check Results for Package skellam

Last updated on 2024-06-22 16:49:15 CEST.

Flavor Version Tinstall Tcheck Ttotal Status Flags
r-devel-linux-x86_64-debian-clang 0.2.3 2.55 33.77 36.32 OK
r-devel-linux-x86_64-debian-gcc 0.2.3 2.18 26.59 28.77 OK
r-devel-linux-x86_64-fedora-clang 0.2.3 50.99 OK
r-devel-linux-x86_64-fedora-gcc 0.2.3 57.76 OK
r-devel-windows-x86_64 0.2.3 4.00 62.00 66.00 OK
r-patched-linux-x86_64 0.2.3 2.65 33.85 36.50 OK
r-release-linux-x86_64 0.2.3 2.80 33.74 36.54 OK
r-release-macos-arm64 0.2.3 26.00 OK
r-release-macos-x86_64 0.2.3 39.00 WARN
r-release-windows-x86_64 0.2.3 4.00 64.00 68.00 OK
r-oldrel-macos-arm64 0.2.3 30.00 OK
r-oldrel-macos-x86_64 0.2.3 88.00 OK
r-oldrel-windows-x86_64 0.2.3 3.00 61.00 64.00 OK

Check Details

Version: 0.2.3
Check: re-building of vignette outputs
Result: WARN Error(s) in re-building vignettes: ... --- re-building ‘skellam.rnw’ using knitr Error: processing vignette 'skellam.rnw' failed with diagnostics: Running 'texi2dvi' on 'skellam.tex' failed. LaTeX errors: ! Undefined control sequence. l.98 \hlkwd{library}\hldef {(}\hlsng{'skellam'}\hldef{)} ? ! Emergency stop. ! Emergency stop. l.98 End of file on the terminal! ! ==> Fatal error occurred, no output PDF file produced! --- failed re-building ‘skellam.rnw’ SUMMARY: processing the following file failed: ‘skellam.rnw’ Error: Vignette re-building failed. Execution halted Flavor: r-release-macos-x86_64