CRAN Package Check Results for Package sketcher

Last updated on 2022-01-22 11:51:13 CET.

Flavor Version Tinstall Tcheck Ttotal Status Flags
r-devel-linux-x86_64-debian-clang 0.1.3 3.42 38.21 41.63 OK
r-devel-linux-x86_64-debian-gcc 0.1.3 3.45 30.19 33.64 OK
r-devel-linux-x86_64-fedora-clang 0.1.3 53.52 NOTE
r-devel-linux-x86_64-fedora-gcc 0.1.3 43.02 NOTE
r-devel-windows-x86_64-new-UL 0.1.3 39.00 58.00 97.00 OK
r-devel-windows-x86_64-new-TK 0.1.3 NOTE
r-patched-linux-x86_64 0.1.3 4.15 38.44 42.59 OK
r-release-linux-x86_64 0.1.3 3.09 37.40 40.49 OK
r-release-macos-arm64 0.1.3 NOTE
r-release-macos-x86_64 0.1.3 NOTE
r-release-windows-ix86+x86_64 0.1.3 9.00 48.00 57.00 OK
r-oldrel-macos-x86_64 0.1.3 NOTE
r-oldrel-windows-ix86+x86_64 0.1.3 9.00 46.00 55.00 OK

Check Details

Version: 0.1.3
Check: dependencies in R code
Result: NOTE
    Namespaces in Imports field not imported from:
     ‘dplyr’ ‘methods’
     All declared Imports should be used.
Flavors: r-devel-linux-x86_64-fedora-clang, r-devel-linux-x86_64-fedora-gcc, r-devel-windows-x86_64-new-TK, r-release-macos-arm64, r-release-macos-x86_64, r-oldrel-macos-x86_64