CRAN Package Check Results for Package skimr

Last updated on 2021-11-27 07:50:03 CET.

Flavor Version Tinstall Tcheck Ttotal Status Flags
r-devel-linux-x86_64-debian-clang 2.1.3 NOTE
r-devel-linux-x86_64-debian-gcc 2.1.3 4.54 61.23 65.77 NOTE
r-devel-linux-x86_64-fedora-clang 2.1.3 115.05 NOTE
r-devel-linux-x86_64-fedora-gcc 2.1.3 112.25 NOTE
r-devel-windows-x86_64-new-UL 2.1.3 20.00 139.00 159.00 NOTE
r-devel-windows-x86_64-new-TK 2.1.3 NOTE
r-devel-windows-x86_64-old 2.1.3 10.00 113.00 123.00 NOTE
r-patched-linux-x86_64 2.1.3 5.82 79.24 85.06 NOTE
r-patched-solaris-x86 2.1.3 128.40 NOTE
r-release-linux-x86_64 2.1.3 NOTE
r-release-macos-arm64 2.1.3 NOTE
r-release-macos-x86_64 2.1.3 NOTE
r-release-windows-ix86+x86_64 2.1.3 14.00 78.00 92.00 NOTE
r-oldrel-macos-x86_64 2.1.3 OK
r-oldrel-windows-ix86+x86_64 2.1.3 19.00 113.00 132.00 OK

Check Details

Version: 2.1.3
Check: LazyData
Result: NOTE
     'LazyData' is specified without a 'data' directory
Flavors: r-devel-linux-x86_64-debian-clang, r-devel-linux-x86_64-debian-gcc, r-devel-linux-x86_64-fedora-clang, r-devel-linux-x86_64-fedora-gcc, r-devel-windows-x86_64-new-UL, r-devel-windows-x86_64-new-TK, r-devel-windows-x86_64-old, r-patched-linux-x86_64, r-patched-solaris-x86, r-release-linux-x86_64, r-release-macos-arm64, r-release-macos-x86_64, r-release-windows-ix86+x86_64