CRAN Package Check Results for Package sleev

Last updated on 2023-03-31 20:50:26 CEST.

Flavor Version Tinstall Tcheck Ttotal Status Flags
r-devel-linux-x86_64-debian-clang 1.0.2 105.75 124.02 229.77 NOTE
r-devel-linux-x86_64-debian-gcc 1.0.2 93.07 111.10 204.17 NOTE
r-devel-linux-x86_64-fedora-clang 1.0.2 279.67 NOTE
r-devel-linux-x86_64-fedora-gcc 1.0.2 294.51 NOTE
r-patched-linux-x86_64 1.0.2 98.57 108.46 207.03 NOTE
r-release-linux-x86_64 1.0.2 96.25 105.00 201.25 OK
r-release-macos-arm64 1.0.2 78.00 NOTE
r-release-macos-x86_64 1.0.2 88.00 NOTE
r-release-windows-x86_64 1.0.2 84.00 132.00 216.00 OK
r-oldrel-macos-arm64 1.0.2 75.00 NOTE
r-oldrel-macos-x86_64 1.0.2 87.00 NOTE
r-oldrel-windows-ix86+x86_64 1.0.2 255.00 187.00 442.00 OK

Check Details

Version: 1.0.2
Check: C++ specification
Result: NOTE
     Specified C++11: please drop specification unless essential
Flavors: r-devel-linux-x86_64-debian-clang, r-devel-linux-x86_64-debian-gcc, r-devel-linux-x86_64-fedora-clang, r-devel-linux-x86_64-fedora-gcc, r-patched-linux-x86_64

Version: 1.0.2
Check: installed package size
Result: NOTE
     installed size is 22.7Mb
     sub-directories of 1Mb or more:
     libs 22.3Mb
Flavors: r-release-macos-arm64, r-release-macos-x86_64, r-oldrel-macos-arm64, r-oldrel-macos-x86_64