Last updated on 2023-05-28 04:56:27 CEST.
Flavor | Version | Tinstall | Tcheck | Ttotal | Status | Flags |
---|---|---|---|---|---|---|
r-devel-linux-x86_64-debian-clang | 0.1.0 | 9.59 | 81.77 | 91.36 | NOTE | |
r-devel-linux-x86_64-debian-gcc | 0.1.0 | 7.64 | 63.74 | 71.38 | NOTE | |
r-devel-linux-x86_64-fedora-clang | 0.1.0 | 114.38 | NOTE | |||
r-devel-linux-x86_64-fedora-gcc | 0.1.0 | 109.88 | NOTE | |||
r-devel-windows-x86_64 | 0.1.0 | 9.00 | 79.00 | 88.00 | NOTE | |
r-patched-linux-x86_64 | 0.1.0 | 9.25 | 80.07 | 89.32 | NOTE | |
r-release-linux-x86_64 | 0.1.0 | 8.43 | 77.74 | 86.17 | NOTE | |
r-release-macos-arm64 | 0.1.0 | 37.00 | NOTE | |||
r-release-macos-x86_64 | 0.1.0 | 59.00 | NOTE | |||
r-release-windows-x86_64 | 0.1.0 | 10.00 | 94.00 | 104.00 | NOTE | |
r-oldrel-macos-arm64 | 0.1.0 | 35.00 | OK | |||
r-oldrel-macos-x86_64 | 0.1.0 | 48.00 | OK | |||
r-oldrel-windows-x86_64 | 0.1.0 | 10.00 | 96.00 | 106.00 | OK |
Version: 0.1.0
Check: package subdirectories
Result: NOTE
Problems with news in ‘NEWS.md’:
No news entries found.
Flavors: r-devel-linux-x86_64-debian-clang, r-devel-linux-x86_64-debian-gcc, r-devel-linux-x86_64-fedora-clang, r-devel-linux-x86_64-fedora-gcc, r-devel-windows-x86_64, r-patched-linux-x86_64, r-release-linux-x86_64, r-release-macos-arm64, r-release-macos-x86_64, r-release-windows-x86_64