CRAN Package Check Results for Package slippymath

Last updated on 2021-12-04 16:50:33 CET.

Flavor Version Tinstall Tcheck Ttotal Status Flags
r-devel-linux-x86_64-debian-clang 0.3.1 2.29 52.69 54.98 NOTE
r-devel-linux-x86_64-debian-gcc 0.3.1 1.69 42.75 44.44 NOTE
r-devel-linux-x86_64-fedora-clang 0.3.1 71.14 NOTE
r-devel-linux-x86_64-fedora-gcc 0.3.1 59.02 NOTE
r-devel-windows-x86_64-new-UL 0.3.1 8.00 96.00 104.00 NOTE
r-devel-windows-x86_64-new-TK 0.3.1 NOTE
r-devel-windows-x86_64-old 0.3.1 5.00 56.00 61.00 NOTE
r-patched-linux-x86_64 0.3.1 2.83 45.47 48.30 NOTE
r-release-linux-x86_64 0.3.1 2.34 44.85 47.19 NOTE
r-release-macos-arm64 0.3.1 NOTE
r-release-macos-x86_64 0.3.1 NOTE
r-release-windows-ix86+x86_64 0.3.1 5.00 65.00 70.00 NOTE
r-oldrel-macos-x86_64 0.3.1 OK
r-oldrel-windows-ix86+x86_64 0.3.1 7.00 69.00 76.00 OK

Check Details

Version: 0.3.1
Check: LazyData
Result: NOTE
     'LazyData' is specified without a 'data' directory
Flavors: r-devel-linux-x86_64-debian-clang, r-devel-linux-x86_64-debian-gcc, r-devel-linux-x86_64-fedora-clang, r-devel-linux-x86_64-fedora-gcc, r-devel-windows-x86_64-new-UL, r-devel-windows-x86_64-new-TK, r-devel-windows-x86_64-old, r-patched-linux-x86_64, r-release-linux-x86_64, r-release-macos-arm64, r-release-macos-x86_64, r-release-windows-ix86+x86_64