CRAN Package Check Results for Package slp

Last updated on 2024-02-29 00:55:54 CET.

Flavor Version Tinstall Tcheck Ttotal Status Flags
r-devel-linux-x86_64-debian-clang 1.0-5 11.10 78.93 90.03 NOTE
r-devel-linux-x86_64-debian-gcc 1.0-5 7.93 59.96 67.89 NOTE
r-devel-linux-x86_64-fedora-clang 1.0-5 107.78 NOTE
r-devel-linux-x86_64-fedora-gcc 1.0-5 106.44 NOTE
r-devel-windows-x86_64 1.0-5 10.00 83.00 93.00 NOTE
r-patched-linux-x86_64 1.0-5 11.12 76.61 87.73 NOTE
r-release-linux-x86_64 1.0-5 10.71 75.43 86.14 NOTE
r-release-macos-arm64 1.0-5 38.00 NOTE
r-release-macos-x86_64 1.0-5 60.00 NOTE
r-release-windows-x86_64 1.0-5 13.00 94.00 107.00 NOTE
r-oldrel-macos-arm64 1.0-5 37.00 OK
r-oldrel-windows-x86_64 1.0-5 13.00 99.00 112.00 OK

Check Details

Version: 1.0-5
Check: Rd files
Result: NOTE checkRd: (-1) slp-package.Rd:38: Escaped LaTeX specials: \& Flavors: r-devel-linux-x86_64-debian-clang, r-devel-linux-x86_64-debian-gcc, r-devel-linux-x86_64-fedora-clang, r-devel-linux-x86_64-fedora-gcc, r-devel-windows-x86_64, r-patched-linux-x86_64, r-release-linux-x86_64, r-release-macos-arm64, r-release-macos-x86_64, r-release-windows-x86_64

Version: 1.0-5
Check: compiled code
Result: NOTE File ‘slp/libs/slp.so’: Found no calls to: ‘R_registerRoutines’, ‘R_useDynamicSymbols’ It is good practice to register native routines and to disable symbol search. See ‘Writing portable packages’ in the ‘Writing R Extensions’ manual. Flavors: r-devel-linux-x86_64-fedora-clang, r-devel-linux-x86_64-fedora-gcc