Last updated on 2023-09-25 05:01:37 CEST.
Flavor | Version | Tinstall | Tcheck | Ttotal | Status | Flags |
---|---|---|---|---|---|---|
r-devel-linux-x86_64-debian-clang | 2.2-5.7.1 | 19.98 | 91.83 | 111.81 | NOTE | |
r-devel-linux-x86_64-debian-gcc | 2.2-5.7.1 | 12.73 | 66.50 | 79.23 | NOTE | |
r-devel-linux-x86_64-fedora-clang | 2.2-5.7.1 | 142.55 | NOTE | |||
r-devel-linux-x86_64-fedora-gcc | 2.2-5.7.1 | 131.89 | NOTE | |||
r-devel-windows-x86_64 | 2.2-5.7.1 | 17.00 | 96.00 | 113.00 | NOTE | |
r-patched-linux-x86_64 | 2.2-5.7.1 | 17.69 | 86.16 | 103.85 | OK | |
r-release-linux-x86_64 | 2.2-5.7.1 | 14.14 | 88.93 | 103.07 | OK | |
r-release-macos-arm64 | 2.2-5.7.1 | 40.00 | OK | |||
r-release-macos-x86_64 | 2.2-5.7.1 | 67.00 | NOTE | |||
r-release-windows-x86_64 | 2.2-5.7.1 | 19.00 | 110.00 | 129.00 | OK | |
r-oldrel-macos-arm64 | 2.2-5.7.1 | 34.00 | OK | |||
r-oldrel-macos-x86_64 | 2.2-5.7.1 | 52.00 | OK | |||
r-oldrel-windows-x86_64 | 2.2-5.7.1 | 24.00 | 105.00 | 129.00 | OK |
Version: 2.2-5.7.1
Check: Rd \usage sections
Result: NOTE
Objects in \usage without \alias in documentation object 'sm-internal':
‘sm.check.data’
Functions with \usage entries need to have the appropriate \alias
entries, and all their arguments documented.
The \usage entries must correspond to syntactically valid R code.
See chapter ‘Writing R documentation files’ in the ‘Writing R
Extensions’ manual.
Flavors: r-devel-linux-x86_64-debian-clang, r-devel-linux-x86_64-debian-gcc, r-devel-linux-x86_64-fedora-clang, r-devel-linux-x86_64-fedora-gcc, r-devel-windows-x86_64
Version: 2.2-5.7.1
Check: package dependencies
Result: NOTE
Packages suggested but not available for checking: 'interp', 'gam'
Flavor: r-release-macos-x86_64