Last updated on 2023-03-21 11:54:02 CET.
Flavor | Version | Tinstall | Tcheck | Ttotal | Status | Flags |
---|---|---|---|---|---|---|
r-devel-linux-x86_64-debian-clang | 0.6.0 | 89.19 | 56.38 | 145.57 | NOTE | |
r-devel-linux-x86_64-debian-gcc | 0.6.0 | 67.86 | 43.23 | 111.09 | NOTE | |
r-devel-linux-x86_64-fedora-clang | 0.6.0 | 216.32 | NOTE | |||
r-devel-linux-x86_64-fedora-gcc | 0.6.0 | 204.39 | NOTE | |||
r-patched-linux-x86_64 | 0.6.0 | 69.36 | 53.96 | 123.32 | NOTE | |
r-release-linux-x86_64 | 0.6.0 | 63.76 | 52.70 | 116.46 | NOTE | |
r-release-macos-arm64 | 0.6.0 | 54.00 | NOTE | |||
r-release-macos-x86_64 | 0.6.0 | 90.00 | NOTE | |||
r-release-windows-x86_64 | 0.6.0 | 100.00 | 119.00 | 219.00 | NOTE | |
r-oldrel-macos-arm64 | 0.6.0 | 60.00 | NOTE | |||
r-oldrel-macos-x86_64 | 0.6.0 | 72.00 | NOTE | |||
r-oldrel-windows-ix86+x86_64 | 0.6.0 | 207.00 | 120.00 | 327.00 | NOTE |
Version: 0.6.0
Check: C++ specification
Result: NOTE
Specified C++11: please drop specification unless essential
Flavors: r-devel-linux-x86_64-debian-clang, r-devel-linux-x86_64-debian-gcc, r-devel-linux-x86_64-fedora-clang, r-devel-linux-x86_64-fedora-gcc
Version: 0.6.0
Check: for GNU extensions in Makefiles
Result: NOTE
GNU make is a SystemRequirements.
Flavors: r-devel-linux-x86_64-debian-clang, r-devel-linux-x86_64-debian-gcc, r-devel-linux-x86_64-fedora-clang, r-devel-linux-x86_64-fedora-gcc, r-patched-linux-x86_64, r-release-linux-x86_64, r-release-macos-arm64, r-release-macos-x86_64, r-release-windows-x86_64, r-oldrel-macos-arm64, r-oldrel-macos-x86_64, r-oldrel-windows-ix86+x86_64
Version: 0.6.0
Check: installed package size
Result: NOTE
installed size is 5.6Mb
sub-directories of 1Mb or more:
libs 5.0Mb
Flavors: r-release-macos-arm64, r-release-macos-x86_64, r-oldrel-macos-arm64, r-oldrel-macos-x86_64